CRAN Package Check Results for Package ggstream

Last updated on 2025-02-16 09:50:40 CET.

Flavor Version Tinstall Tcheck Ttotal Status Flags
r-devel-linux-x86_64-debian-clang 0.1.0 3.84 31.67 35.51 OK
r-devel-linux-x86_64-debian-gcc 0.1.0 2.90 23.69 26.59 OK
r-devel-linux-x86_64-fedora-clang 0.1.0 58.39 NOTE
r-devel-linux-x86_64-fedora-gcc 0.1.0 51.93 NOTE
r-devel-macos-arm64 0.1.0 21.00 OK
r-devel-macos-x86_64 0.1.0 36.00 OK
r-devel-windows-x86_64 0.1.0 6.00 50.00 56.00 OK
r-patched-linux-x86_64 0.1.0 4.00 29.59 33.59 OK
r-release-linux-x86_64 0.1.0 3.29 29.88 33.17 OK
r-release-macos-arm64 0.1.0 21.00 OK
r-release-macos-x86_64 0.1.0 38.00 OK
r-release-windows-x86_64 0.1.0 6.00 50.00 56.00 OK
r-oldrel-macos-arm64 0.1.0 21.00 OK
r-oldrel-macos-x86_64 0.1.0 31.00 OK
r-oldrel-windows-x86_64 0.1.0 7.00 59.00 66.00 OK

Check Details

Version: 0.1.0
Check: dependencies in R code
Result: NOTE Namespace in Imports field not imported from: ‘tidyr’ All declared Imports should be used. Flavors: r-devel-linux-x86_64-fedora-clang, r-devel-linux-x86_64-fedora-gcc