Last updated on 2025-02-19 09:50:50 CET.
Flavor | Version | Tinstall | Tcheck | Ttotal | Status | Flags |
---|---|---|---|---|---|---|
r-devel-linux-x86_64-debian-clang | 0.3.1 | 12.63 | 184.23 | 196.86 | NOTE | |
r-devel-linux-x86_64-debian-gcc | 0.3.1 | 8.25 | 123.13 | 131.38 | NOTE | |
r-devel-linux-x86_64-fedora-clang | 0.3.1 | 297.75 | NOTE | |||
r-devel-linux-x86_64-fedora-gcc | 0.3.1 | 300.38 | NOTE | |||
r-devel-macos-arm64 | 0.3.1 | 87.00 | OK | |||
r-devel-macos-x86_64 | 0.3.1 | 185.00 | NOTE | |||
r-devel-windows-x86_64 | 0.3.1 | 15.00 | 239.00 | 254.00 | NOTE | |
r-patched-linux-x86_64 | 0.3.1 | 17.96 | 170.63 | 188.59 | OK | |
r-release-linux-x86_64 | 0.3.1 | 11.65 | 170.19 | 181.84 | OK | |
r-release-macos-arm64 | 0.3.1 | 81.00 | OK | |||
r-release-macos-x86_64 | 0.3.1 | 128.00 | OK | |||
r-release-windows-x86_64 | 0.3.1 | 15.00 | 229.00 | 244.00 | OK | |
r-oldrel-macos-arm64 | 0.3.1 | 84.00 | OK | |||
r-oldrel-macos-x86_64 | 0.3.1 | 174.00 | OK | |||
r-oldrel-windows-x86_64 | 0.3.1 | 17.00 | 243.00 | 260.00 | OK |
Version: 0.3.1
Check: DESCRIPTION meta-information
Result: NOTE
Missing dependency on R >= 4.1.0 because package code uses the pipe
|> or function shorthand \(...) syntax added in R 4.1.0.
File(s) using such syntax:
‘scales-sides-.R’ ‘side-layout-.r’ ‘utils-calls.R’
Flavors: r-devel-linux-x86_64-debian-clang, r-devel-linux-x86_64-debian-gcc, r-devel-linux-x86_64-fedora-clang, r-devel-linux-x86_64-fedora-gcc, r-devel-macos-x86_64, r-devel-windows-x86_64
Version: 0.3.1
Check: Rd cross-references
Result: NOTE
Found the following Rd file(s) with Rd \link{} targets missing package
anchors:
geom_xsideabline.Rd: aes
ggside-ggproto-facets.Rd: ggplot2
xside.Rd: ggplot2
yside.Rd: ggplot2
Please provide package anchors for all Rd \link{} targets not in the
package itself and the base packages.
Flavors: r-devel-linux-x86_64-debian-clang, r-devel-linux-x86_64-debian-gcc, r-devel-windows-x86_64