Last updated on 2025-02-16 09:50:40 CET.
Flavor | Version | Tinstall | Tcheck | Ttotal | Status | Flags |
---|---|---|---|---|---|---|
r-devel-linux-x86_64-debian-clang | 1.0.0 | 10.00 | 207.63 | 217.63 | NOTE | |
r-devel-linux-x86_64-debian-gcc | 1.0.0 | 7.20 | 134.25 | 141.45 | NOTE | |
r-devel-linux-x86_64-fedora-clang | 1.0.0 | 359.49 | NOTE | |||
r-devel-linux-x86_64-fedora-gcc | 1.0.0 | 342.64 | NOTE | |||
r-devel-macos-arm64 | 1.0.0 | 90.00 | OK | |||
r-devel-macos-x86_64 | 1.0.0 | 204.00 | OK | |||
r-devel-windows-x86_64 | 1.0.0 | 12.00 | 226.00 | 238.00 | NOTE | |
r-patched-linux-x86_64 | 1.0.0 | 14.52 | 193.33 | 207.85 | NOTE | |
r-release-linux-x86_64 | 1.0.0 | 8.37 | 194.57 | 202.94 | NOTE | |
r-release-macos-arm64 | 1.0.0 | 84.00 | NOTE | |||
r-release-macos-x86_64 | 1.0.0 | 139.00 | NOTE | |||
r-release-windows-x86_64 | 1.0.0 | 12.00 | 193.00 | 205.00 | NOTE | |
r-oldrel-macos-arm64 | 1.0.0 | 98.00 | NOTE | |||
r-oldrel-macos-x86_64 | 1.0.0 | 168.00 | NOTE | |||
r-oldrel-windows-x86_64 | 1.0.0 | 15.00 | 275.00 | 290.00 | NOTE |
Version: 1.0.0
Check: Rd cross-references
Result: NOTE
Found the following Rd file(s) with Rd \link{} targets missing package
anchors:
geom_edge.Rd: layer, geom_segment
geom_edge_label.Rd: geom_label
geom_node_label.Rd: ggplot, fortify, borders
geom_node_plot.Rd: facet_wrap
ggparty.Rd: ggplot
Please provide package anchors for all Rd \link{} targets not in the
package itself and the base packages.
Flavors: r-devel-linux-x86_64-debian-clang, r-devel-linux-x86_64-debian-gcc, r-devel-windows-x86_64
Version: 1.0.0
Check: dependencies in R code
Result: NOTE
Namespace in Imports field not imported from: ‘survival’
All declared Imports should be used.
Flavors: r-devel-linux-x86_64-fedora-clang, r-devel-linux-x86_64-fedora-gcc
Version: 1.0.0
Check: LazyData
Result: NOTE
'LazyData' is specified without a 'data' directory
Flavors: r-patched-linux-x86_64, r-release-linux-x86_64, r-release-macos-arm64, r-release-macos-x86_64, r-release-windows-x86_64, r-oldrel-macos-arm64, r-oldrel-macos-x86_64, r-oldrel-windows-x86_64