Last updated on 2025-02-19 09:50:50 CET.
Flavor | Version | Tinstall | Tcheck | Ttotal | Status | Flags |
---|---|---|---|---|---|---|
r-devel-linux-x86_64-debian-clang | 0.3.3 | 6.80 | 47.80 | 54.60 | NOTE | |
r-devel-linux-x86_64-debian-gcc | 0.3.3 | 4.43 | 33.41 | 37.84 | NOTE | |
r-devel-linux-x86_64-fedora-clang | 0.3.3 | 84.68 | NOTE | |||
r-devel-linux-x86_64-fedora-gcc | 0.3.3 | 81.33 | NOTE | |||
r-devel-macos-arm64 | 0.3.3 | 27.00 | OK | |||
r-devel-macos-x86_64 | 0.3.3 | 51.00 | NOTE | |||
r-devel-windows-x86_64 | 0.3.3 | 8.00 | 71.00 | 79.00 | NOTE | |
r-patched-linux-x86_64 | 0.3.3 | 5.89 | 43.93 | 49.82 | OK | |
r-release-linux-x86_64 | 0.3.3 | 4.66 | 42.81 | 47.47 | OK | |
r-release-macos-arm64 | 0.3.3 | 30.00 | OK | |||
r-release-macos-x86_64 | 0.3.3 | 41.00 | OK | |||
r-release-windows-x86_64 | 0.3.3 | 7.00 | 69.00 | 76.00 | OK | |
r-oldrel-macos-arm64 | 0.3.3 | 26.00 | OK | |||
r-oldrel-macos-x86_64 | 0.3.3 | 51.00 | OK | |||
r-oldrel-windows-x86_64 | 0.3.3 | 9.00 | 79.00 | 88.00 | OK |
Version: 0.3.3
Check: DESCRIPTION meta-information
Result: NOTE
Missing dependency on R >= 4.1.0 because package code uses the pipe
|> or function shorthand \(...) syntax added in R 4.1.0.
File(s) using such syntax:
‘geom_phylopic.R’
Flavors: r-devel-linux-x86_64-debian-clang, r-devel-linux-x86_64-debian-gcc, r-devel-linux-x86_64-fedora-clang, r-devel-linux-x86_64-fedora-gcc, r-devel-macos-x86_64, r-devel-windows-x86_64