Last updated on 2025-02-19 09:50:50 CET.
Flavor | Version | Tinstall | Tcheck | Ttotal | Status | Flags |
---|---|---|---|---|---|---|
r-devel-linux-x86_64-debian-clang | 2.2 | 6.80 | 51.39 | 58.19 | NOTE | |
r-devel-linux-x86_64-debian-gcc | 2.2 | 4.63 | 35.59 | 40.22 | NOTE | |
r-devel-linux-x86_64-fedora-clang | 2.2 | 87.72 | OK | |||
r-devel-linux-x86_64-fedora-gcc | 2.2 | 83.41 | OK | |||
r-devel-macos-arm64 | 2.2 | 27.00 | OK | |||
r-devel-macos-x86_64 | 2.2 | 48.00 | OK | |||
r-devel-windows-x86_64 | 2.2 | 8.00 | 64.00 | 72.00 | NOTE | |
r-patched-linux-x86_64 | 2.2 | 12.66 | 46.41 | 59.07 | OK | |
r-release-linux-x86_64 | 2.2 | 5.90 | 46.28 | 52.18 | OK | |
r-release-macos-arm64 | 2.2 | 28.00 | OK | |||
r-release-macos-x86_64 | 2.2 | 39.00 | OK | |||
r-release-windows-x86_64 | 2.2 | 9.00 | 64.00 | 73.00 | OK | |
r-oldrel-macos-arm64 | 2.2 | 30.00 | OK | |||
r-oldrel-macos-x86_64 | 2.2 | 41.00 | OK | |||
r-oldrel-windows-x86_64 | 2.2 | 11.00 | 70.00 | 81.00 | OK |
Version: 2.2
Check: Rd cross-references
Result: NOTE
Found the following Rd file(s) with Rd \link{} targets missing package
anchors:
ggheatmap_theme.Rd: theme
Please provide package anchors for all Rd \link{} targets not in the
package itself and the base packages.
Flavors: r-devel-linux-x86_64-debian-clang, r-devel-linux-x86_64-debian-gcc, r-devel-windows-x86_64