Last updated on 2025-02-16 09:50:40 CET.
Flavor | Version | Tinstall | Tcheck | Ttotal | Status | Flags |
---|---|---|---|---|---|---|
r-devel-linux-x86_64-debian-clang | 1.0.1 | 8.10 | 116.48 | 124.58 | NOTE | |
r-devel-linux-x86_64-debian-gcc | 1.0.1 | 5.42 | 73.70 | 79.12 | NOTE | |
r-devel-linux-x86_64-fedora-clang | 1.0.1 | 199.30 | NOTE | |||
r-devel-linux-x86_64-fedora-gcc | 1.0.1 | 175.93 | NOTE | |||
r-devel-macos-arm64 | 1.0.1 | 58.00 | NOTE | |||
r-devel-macos-x86_64 | 1.0.1 | 123.00 | NOTE | |||
r-devel-windows-x86_64 | 1.0.1 | 9.00 | 108.00 | 117.00 | NOTE | |
r-patched-linux-x86_64 | 1.0.1 | 11.52 | 101.21 | 112.73 | NOTE | |
r-release-linux-x86_64 | 1.0.1 | 7.57 | 101.01 | 108.58 | NOTE | |
r-release-macos-arm64 | 1.0.1 | 54.00 | NOTE | |||
r-release-macos-x86_64 | 1.0.1 | 81.00 | NOTE | |||
r-release-windows-x86_64 | 1.0.1 | 9.00 | 113.00 | 122.00 | NOTE | |
r-oldrel-macos-arm64 | 1.0.1 | 55.00 | OK | |||
r-oldrel-macos-x86_64 | 1.0.1 | 92.00 | OK | |||
r-oldrel-windows-x86_64 | 1.0.1 | 13.00 | 148.00 | 161.00 | OK |
Version: 1.0.1
Check: Rd files
Result: NOTE
checkRd: (-1) render_context.Rd:42: Lost braces; missing escapes or markup?
42 | \item{xmin, ymin, xmax, ymax}{Boundaries of the area in pixels. {0,0} is the
| ^
Flavors: r-devel-linux-x86_64-debian-clang, r-devel-linux-x86_64-debian-gcc, r-devel-linux-x86_64-fedora-clang, r-devel-linux-x86_64-fedora-gcc, r-devel-macos-arm64, r-devel-macos-x86_64, r-devel-windows-x86_64, r-patched-linux-x86_64, r-release-linux-x86_64, r-release-macos-arm64, r-release-macos-x86_64, r-release-windows-x86_64
Version: 1.0.1
Check: Rd cross-references
Result: NOTE
Found the following Rd file(s) with Rd \link{} targets missing package
anchors:
object_support.Rd: ggplot
Please provide package anchors for all Rd \link{} targets not in the
package itself and the base packages.
Flavors: r-devel-linux-x86_64-debian-clang, r-devel-linux-x86_64-debian-gcc, r-devel-windows-x86_64