Last updated on 2025-02-16 09:50:40 CET.
Flavor | Version | Tinstall | Tcheck | Ttotal | Status | Flags |
---|---|---|---|---|---|---|
r-devel-linux-x86_64-debian-clang | 0.1.0 | 8.01 | 59.71 | 67.72 | NOTE | |
r-devel-linux-x86_64-debian-gcc | 0.1.0 | 5.04 | 41.00 | 46.04 | NOTE | |
r-devel-linux-x86_64-fedora-clang | 0.1.0 | 113.35 | OK | |||
r-devel-linux-x86_64-fedora-gcc | 0.1.0 | 98.89 | OK | |||
r-devel-macos-arm64 | 0.1.0 | 33.00 | OK | |||
r-devel-macos-x86_64 | 0.1.0 | 65.00 | OK | |||
r-devel-windows-x86_64 | 0.1.0 | 9.00 | 77.00 | 86.00 | NOTE | |
r-patched-linux-x86_64 | 0.1.0 | 11.80 | 54.32 | 66.12 | OK | |
r-release-linux-x86_64 | 0.1.0 | 7.07 | 53.61 | 60.68 | OK | |
r-release-macos-arm64 | 0.1.0 | 33.00 | OK | |||
r-release-macos-x86_64 | 0.1.0 | 49.00 | OK | |||
r-release-windows-x86_64 | 0.1.0 | 9.00 | 76.00 | 85.00 | OK | |
r-oldrel-macos-arm64 | 0.1.0 | 37.00 | OK | |||
r-oldrel-macos-x86_64 | 0.1.0 | 65.00 | OK | |||
r-oldrel-windows-x86_64 | 0.1.0 | 11.00 | 105.00 | 116.00 | OK |
Version: 0.1.0
Check: Rd cross-references
Result: NOTE
Found the following Rd file(s) with Rd \link{} targets missing package
anchors:
ggblend-package.Rd: ggplot
layer_list.Rd: ggplot2
partition.Rd: vars
Please provide package anchors for all Rd \link{} targets not in the
package itself and the base packages.
Flavors: r-devel-linux-x86_64-debian-clang, r-devel-linux-x86_64-debian-gcc, r-devel-windows-x86_64