Last updated on 2025-02-16 09:50:40 CET.
Flavor | Version | Tinstall | Tcheck | Ttotal | Status | Flags |
---|---|---|---|---|---|---|
r-devel-linux-x86_64-debian-clang | 1.8.0 | 33.27 | 262.43 | 295.70 | NOTE | |
r-devel-linux-x86_64-debian-gcc | 1.8.0 | 19.97 | 170.73 | 190.70 | NOTE | |
r-devel-linux-x86_64-fedora-clang | 1.8.0 | 498.07 | OK | |||
r-devel-linux-x86_64-fedora-gcc | 1.8.0 | 432.90 | OK | |||
r-devel-macos-arm64 | 1.8.0 | 100.00 | OK | |||
r-devel-macos-x86_64 | 1.8.0 | 240.00 | OK | |||
r-devel-windows-x86_64 | 1.8.0 | 28.00 | 201.00 | 229.00 | NOTE | |
r-patched-linux-x86_64 | 1.8.0 | 35.22 | 242.47 | 277.69 | OK | |
r-release-linux-x86_64 | 1.8.0 | 25.78 | 240.62 | 266.40 | OK | |
r-release-macos-arm64 | 1.8.0 | 98.00 | OK | |||
r-release-macos-x86_64 | 1.8.0 | 173.00 | OK | |||
r-release-windows-x86_64 | 1.8.0 | 28.00 | 198.00 | 226.00 | OK | |
r-oldrel-macos-arm64 | 1.8.0 | 98.00 | OK | |||
r-oldrel-macos-x86_64 | 1.8.0 | 246.00 | OK | |||
r-oldrel-windows-x86_64 | 1.8.0 | 40.00 | 321.00 | 361.00 | OK |
Version: 1.8.0
Check: Rd cross-references
Result: NOTE
Found the following Rd file(s) with Rd \link{} targets missing package
anchors:
extract_gfc.Rd: writeRaster
scale_by_pixel_area.Rd: dataType
scale_toar.Rd: writeRaster
Please provide package anchors for all Rd \link{} targets not in the
package itself and the base packages.
Flavors: r-devel-linux-x86_64-debian-clang, r-devel-linux-x86_64-debian-gcc, r-devel-windows-x86_64