Last updated on 2025-02-16 09:50:39 CET.
Flavor | Version | Tinstall | Tcheck | Ttotal | Status | Flags |
---|---|---|---|---|---|---|
r-devel-linux-x86_64-debian-clang | 0.1.1 | 2.16 | 30.05 | 32.21 | OK | |
r-devel-linux-x86_64-debian-gcc | 0.1.1 | 1.68 | 21.76 | 23.44 | OK | |
r-devel-linux-x86_64-fedora-clang | 0.1.1 | 55.06 | OK | |||
r-devel-linux-x86_64-fedora-gcc | 0.1.1 | 47.57 | OK | |||
r-devel-macos-arm64 | 0.1.1 | 19.00 | OK | |||
r-devel-macos-x86_64 | 0.1.1 | 46.00 | OK | |||
r-devel-windows-x86_64 | 0.1.1 | 3.00 | 51.00 | 54.00 | OK | |
r-patched-linux-x86_64 | 0.1.1 | 2.09 | 28.02 | 30.11 | NOTE | |
r-release-linux-x86_64 | 0.1.1 | 1.85 | 28.08 | 29.93 | NOTE | |
r-release-macos-arm64 | 0.1.1 | 17.00 | NOTE | |||
r-release-macos-x86_64 | 0.1.1 | 30.00 | NOTE | |||
r-release-windows-x86_64 | 0.1.1 | 3.00 | 57.00 | 60.00 | NOTE | |
r-oldrel-macos-arm64 | 0.1.1 | 20.00 | NOTE | |||
r-oldrel-macos-x86_64 | 0.1.1 | 31.00 | NOTE | |||
r-oldrel-windows-x86_64 | 0.1.1 | 5.00 | 59.00 | 64.00 | NOTE |
Version: 0.1.1
Check: LazyData
Result: NOTE
'LazyData' is specified without a 'data' directory
Flavors: r-patched-linux-x86_64, r-release-linux-x86_64, r-release-macos-arm64, r-release-macos-x86_64, r-release-windows-x86_64, r-oldrel-macos-arm64, r-oldrel-macos-x86_64, r-oldrel-windows-x86_64