Last updated on 2025-02-20 09:50:50 CET.
Flavor | Version | Tinstall | Tcheck | Ttotal | Status | Flags |
---|---|---|---|---|---|---|
r-devel-linux-x86_64-debian-clang | 2.0.3 | 52.20 | 30.19 | 82.39 | NOTE | |
r-devel-linux-x86_64-debian-gcc | 2.0.3 | 42.84 | 23.53 | 66.37 | NOTE | |
r-devel-linux-x86_64-fedora-clang | 2.0.3 | 151.65 | NOTE | |||
r-devel-linux-x86_64-fedora-gcc | 2.0.3 | 176.46 | NOTE | |||
r-devel-macos-arm64 | 2.0.3 | 49.00 | NOTE | |||
r-devel-macos-x86_64 | 2.0.3 | 68.00 | NOTE | |||
r-devel-windows-x86_64 | 2.0.3 | 56.00 | 70.00 | 126.00 | NOTE | |
r-patched-linux-x86_64 | 2.0.3 | 59.77 | 28.88 | 88.65 | NOTE | |
r-release-linux-x86_64 | 2.0.3 | 59.55 | 28.73 | 88.28 | NOTE | |
r-release-macos-arm64 | 2.0.3 | 52.00 | NOTE | |||
r-release-macos-x86_64 | 2.0.3 | 63.00 | NOTE | |||
r-release-windows-x86_64 | 2.0.3 | 57.00 | 73.00 | 130.00 | NOTE | |
r-oldrel-macos-arm64 | 2.0.3 | 64.00 | NOTE | |||
r-oldrel-macos-x86_64 | 2.0.3 | 96.00 | NOTE | |||
r-oldrel-windows-x86_64 | 2.0.3 | 66.00 | 84.00 | 150.00 | NOTE |
Version: 2.0.3
Check: C++ specification
Result: NOTE
Specified C++11: please drop specification unless essential
Flavors: r-devel-linux-x86_64-debian-clang, r-devel-linux-x86_64-debian-gcc, r-devel-linux-x86_64-fedora-clang, r-devel-linux-x86_64-fedora-gcc, r-devel-macos-arm64, r-devel-macos-x86_64, r-devel-windows-x86_64, r-patched-linux-x86_64, r-release-linux-x86_64, r-release-macos-arm64, r-release-macos-x86_64, r-release-windows-x86_64, r-oldrel-macos-arm64, r-oldrel-macos-x86_64, r-oldrel-windows-x86_64
Version: 2.0.3
Check: installed package size
Result: NOTE
installed size is 6.4Mb
sub-directories of 1Mb or more:
help 1.3Mb
libs 4.4Mb
Flavors: r-release-macos-arm64, r-release-macos-x86_64, r-oldrel-macos-arm64, r-oldrel-macos-x86_64