CRAN Package Check Results for Package geesmv

Last updated on 2025-02-16 09:50:39 CET.

Flavor Version Tinstall Tcheck Ttotal Status Flags
r-devel-linux-x86_64-debian-clang 1.3 3.65 35.43 39.08 NOTE
r-devel-linux-x86_64-debian-gcc 1.3 2.99 25.98 28.97 NOTE
r-devel-linux-x86_64-fedora-clang 1.3 67.81 NOTE
r-devel-linux-x86_64-fedora-gcc 1.3 61.28 NOTE
r-devel-macos-arm64 1.3 23.00 NOTE
r-devel-macos-x86_64 1.3 39.00 NOTE
r-devel-windows-x86_64 1.3 5.00 56.00 61.00 NOTE
r-patched-linux-x86_64 1.3 3.92 33.81 37.73 NOTE
r-release-linux-x86_64 1.3 3.53 33.67 37.20 NOTE
r-release-macos-arm64 1.3 22.00 NOTE
r-release-macos-x86_64 1.3 31.00 NOTE
r-release-windows-x86_64 1.3 6.00 57.00 63.00 NOTE
r-oldrel-macos-arm64 1.3 22.00 OK
r-oldrel-macos-x86_64 1.3 33.00 OK
r-oldrel-windows-x86_64 1.3 7.00 60.00 67.00 OK

Check Details

Version: 1.3
Check: Rd files
Result: NOTE checkRd: (-1) dental.Rd:15: Lost braces in \itemize; meant \describe ? checkRd: (-1) dental.Rd:16: Lost braces in \itemize; meant \describe ? checkRd: (-1) dental.Rd:17: Lost braces in \itemize; meant \describe ? checkRd: (-1) dental.Rd:18: Lost braces in \itemize; meant \describe ? checkRd: (-1) dental.Rd:19: Lost braces in \itemize; meant \describe ? checkRd: (-1) dental.Rd:20: Lost braces in \itemize; meant \describe ? checkRd: (-1) seizure.Rd:15: Lost braces in \itemize; meant \describe ? checkRd: (-1) seizure.Rd:16: Lost braces in \itemize; meant \describe ? checkRd: (-1) seizure.Rd:17: Lost braces in \itemize; meant \describe ? checkRd: (-1) seizure.Rd:18: Lost braces in \itemize; meant \describe ? checkRd: (-1) seizure.Rd:19: Lost braces in \itemize; meant \describe ? checkRd: (-1) seizure.Rd:20: Lost braces in \itemize; meant \describe ? checkRd: (-1) seizure.Rd:21: Lost braces in \itemize; meant \describe ? Flavors: r-devel-linux-x86_64-debian-clang, r-devel-linux-x86_64-debian-gcc, r-devel-linux-x86_64-fedora-clang, r-devel-linux-x86_64-fedora-gcc, r-devel-macos-arm64, r-devel-macos-x86_64, r-devel-windows-x86_64, r-patched-linux-x86_64, r-release-linux-x86_64, r-release-macos-arm64, r-release-macos-x86_64, r-release-windows-x86_64