Last updated on 2025-02-16 09:50:39 CET.
Flavor | Version | Tinstall | Tcheck | Ttotal | Status | Flags |
---|---|---|---|---|---|---|
r-devel-linux-x86_64-debian-clang | 0.1.2 | 13.43 | 98.73 | 112.16 | NOTE | |
r-devel-linux-x86_64-debian-gcc | 0.1.2 | 9.91 | 67.71 | 77.62 | NOTE | |
r-devel-linux-x86_64-fedora-clang | 0.1.2 | 183.09 | OK | |||
r-devel-linux-x86_64-fedora-gcc | 0.1.2 | 163.85 | OK | |||
r-devel-macos-arm64 | 0.1.2 | 58.00 | OK | |||
r-devel-macos-x86_64 | 0.1.2 | 87.00 | OK | |||
r-devel-windows-x86_64 | 0.1.2 | 14.00 | 96.00 | 110.00 | NOTE | |
r-patched-linux-x86_64 | 0.1.2 | 19.38 | 89.27 | 108.65 | OK | |
r-release-linux-x86_64 | 0.1.2 | 11.60 | 88.94 | 100.54 | OK | |
r-release-macos-arm64 | 0.1.2 | 46.00 | OK | |||
r-release-macos-x86_64 | 0.1.2 | 68.00 | OK | |||
r-release-windows-x86_64 | 0.1.2 | 13.00 | 99.00 | 112.00 | OK | |
r-oldrel-macos-arm64 | 0.1.2 | 51.00 | OK | |||
r-oldrel-macos-x86_64 | 0.1.2 | 128.00 | OK | |||
r-oldrel-windows-x86_64 | 0.1.2 | 18.00 | 118.00 | 136.00 | OK |
Version: 0.1.2
Check: Rd cross-references
Result: NOTE
Found the following Rd file(s) with Rd \link{} targets missing package
anchors:
geelm.Rd: geese
Please provide package anchors for all Rd \link{} targets not in the
package itself and the base packages.
Flavors: r-devel-linux-x86_64-debian-clang, r-devel-linux-x86_64-debian-gcc, r-devel-windows-x86_64