Last updated on 2025-04-16 09:52:59 CEST.
Flavor | Version | Tinstall | Tcheck | Ttotal | Status | Flags |
---|---|---|---|---|---|---|
r-devel-linux-x86_64-debian-clang | 0.2.2 | 41.14 | 78.40 | 119.54 | OK | |
r-devel-linux-x86_64-debian-gcc | 0.2.2 | 31.81 | 61.68 | 93.49 | OK | |
r-devel-linux-x86_64-fedora-clang | 0.2.2 | 192.56 | OK | |||
r-devel-linux-x86_64-fedora-gcc | 0.2.2 | 197.39 | OK | |||
r-devel-windows-x86_64 | 0.2.2 | 43.00 | 107.00 | 150.00 | OK | |
r-patched-linux-x86_64 | 0.2.2 | 43.27 | 82.10 | 125.37 | OK | |
r-release-linux-x86_64 | 0.2.2 | 41.36 | 81.05 | 122.41 | OK | |
r-release-macos-arm64 | 0.2.2 | 58.00 | OK | |||
r-release-macos-x86_64 | 0.2.2 | 127.00 | OK | |||
r-release-windows-x86_64 | 0.2.2 | 42.00 | 106.00 | 148.00 | OK | |
r-oldrel-macos-arm64 | 0.2.2 | 210.00 | NOTE | |||
r-oldrel-macos-x86_64 | 0.2.2 | 252.00 | NOTE | |||
r-oldrel-windows-x86_64 | 0.2.2 | 51.00 | 136.00 | 187.00 | OK |
Version: 0.2.2
Check: installed package size
Result: NOTE
installed size is 18.0Mb
sub-directories of 1Mb or more:
libs 17.5Mb
Flavors: r-oldrel-macos-arm64, r-oldrel-macos-x86_64