CRAN Package Check Results for Package gcite

Last updated on 2025-02-19 09:50:49 CET.

Flavor Version Tinstall Tcheck Ttotal Status Flags
r-devel-linux-x86_64-debian-clang 0.10.1 3.55 36.99 40.54 NOTE
r-devel-linux-x86_64-debian-gcc 0.10.1 2.98 27.55 30.53 NOTE
r-devel-linux-x86_64-fedora-clang 0.10.1 64.47 OK
r-devel-linux-x86_64-fedora-gcc 0.10.1 61.95 OK
r-devel-macos-arm64 0.10.1 26.00 OK
r-devel-macos-x86_64 0.10.1 46.00 OK
r-devel-windows-x86_64 0.10.1 6.00 60.00 66.00 NOTE
r-patched-linux-x86_64 0.10.1 7.73 34.64 42.37 NOTE
r-release-linux-x86_64 0.10.1 3.49 34.35 37.84 NOTE
r-release-macos-arm64 0.10.1 25.00 NOTE
r-release-macos-x86_64 0.10.1 34.00 NOTE
r-release-windows-x86_64 0.10.1 6.00 58.00 64.00 NOTE
r-oldrel-macos-arm64 0.10.1 25.00 NOTE
r-oldrel-macos-x86_64 0.10.1 33.00 NOTE
r-oldrel-windows-x86_64 0.10.1 8.00 65.00 73.00 NOTE

Check Details

Version: 0.10.1
Check: Rd cross-references
Result: NOTE Found the following Rd file(s) with Rd \link{} targets missing package anchors: gcite.Rd: GET gcite_author_info.Rd: GET gcite_citation_index.Rd: GET gcite_citation_page.Rd: GET gcite_cite_over_time.Rd: GET gcite_graph.Rd: GET gcite_main_graph.Rd: GET gcite_paper_df.Rd: GET gcite_papers.Rd: GET gcite_user_info.Rd: GET gcite_username.Rd: GET gcite_wordcloud_spec.Rd: wordcloud set_cookies_txt.Rd: set_cookies Please provide package anchors for all Rd \link{} targets not in the package itself and the base packages. Flavors: r-devel-linux-x86_64-debian-clang, r-devel-linux-x86_64-debian-gcc, r-devel-windows-x86_64

Version: 0.10.1
Check: LazyData
Result: NOTE 'LazyData' is specified without a 'data' directory Flavors: r-patched-linux-x86_64, r-release-linux-x86_64, r-release-macos-arm64, r-release-macos-x86_64, r-release-windows-x86_64, r-oldrel-macos-arm64, r-oldrel-macos-x86_64, r-oldrel-windows-x86_64