Last updated on 2025-10-27 08:49:53 CET.
| Flavor | Version | Tinstall | Tcheck | Ttotal | Status | Flags |
|---|---|---|---|---|---|---|
| r-devel-linux-x86_64-debian-clang | 3.0.7 | 63.83 | 63.64 | 127.47 | OK | |
| r-devel-linux-x86_64-debian-gcc | 3.0.7 | 49.96 | 44.49 | 94.45 | OK | |
| r-devel-linux-x86_64-fedora-clang | 3.0.7 | 158.00 | 66.03 | 224.03 | OK | |
| r-devel-linux-x86_64-fedora-gcc | 3.0.7 | 104.00 | 121.06 | 225.06 | OK | |
| r-devel-windows-x86_64 | 3.0.7 | 89.00 | 100.00 | 189.00 | OK | |
| r-patched-linux-x86_64 | 3.0.7 | 69.70 | 59.23 | 128.93 | OK | |
| r-release-linux-x86_64 | 3.0.7 | 71.81 | 59.57 | 131.38 | OK | |
| r-release-macos-arm64 | 3.0.7 | 31.00 | 31.00 | 62.00 | OK | |
| r-release-macos-x86_64 | 3.0.7 | 57.00 | 108.00 | 165.00 | OK | |
| r-release-windows-x86_64 | 3.0.7 | 84.00 | 105.00 | 189.00 | OK | |
| r-oldrel-macos-arm64 | 3.0.7 | 33.00 | 36.00 | 69.00 | NOTE | |
| r-oldrel-macos-x86_64 | 3.0.7 | 40.00 | 62.00 | 102.00 | NOTE | |
| r-oldrel-windows-x86_64 | 3.0.7 | 80.00 | 127.00 | 207.00 | OK |
Version: 3.0.7
Check: installed package size
Result: NOTE
installed size is 6.9Mb
sub-directories of 1Mb or more:
libs 6.3Mb
Flavors: r-oldrel-macos-arm64, r-oldrel-macos-x86_64