Last updated on 2025-02-16 09:50:39 CET.
Flavor | Version | Tinstall | Tcheck | Ttotal | Status | Flags |
---|---|---|---|---|---|---|
r-devel-linux-x86_64-debian-clang | 0.2.5 | 6.16 | 38.13 | 44.29 | OK | |
r-devel-linux-x86_64-debian-gcc | 0.2.5 | 4.26 | 29.62 | 33.88 | OK | |
r-devel-linux-x86_64-fedora-clang | 0.2.5 | 71.85 | NOTE | |||
r-devel-linux-x86_64-fedora-gcc | 0.2.5 | 65.37 | NOTE | |||
r-devel-macos-arm64 | 0.2.5 | 27.00 | OK | |||
r-devel-macos-x86_64 | 0.2.5 | 43.00 | OK | |||
r-devel-windows-x86_64 | 0.2.5 | 8.00 | 59.00 | 67.00 | OK | |
r-patched-linux-x86_64 | 0.2.5 | 5.84 | 35.22 | 41.06 | OK | |
r-release-linux-x86_64 | 0.2.5 | 5.42 | 35.10 | 40.52 | OK | |
r-release-macos-arm64 | 0.2.5 | 24.00 | OK | |||
r-release-macos-x86_64 | 0.2.5 | 40.00 | OK | |||
r-release-windows-x86_64 | 0.2.5 | 8.00 | 62.00 | 70.00 | OK | |
r-oldrel-macos-arm64 | 0.2.5 | 24.00 | OK | |||
r-oldrel-macos-x86_64 | 0.2.5 | 37.00 | OK | |||
r-oldrel-windows-x86_64 | 0.2.5 | 10.00 | 62.00 | 72.00 | OK |
Version: 0.2.5
Check: dependencies in R code
Result: NOTE
Namespaces in Imports field not imported from:
‘gargle’ ‘getProxy’ ‘rappsflyer’ ‘rfacebookstat’ ‘rgoogleads’
‘rmytarget’ ‘rvkstat’ ‘ryandexdirect’ ‘rym’ ‘tidyr’
All declared Imports should be used.
Flavors: r-devel-linux-x86_64-fedora-clang, r-devel-linux-x86_64-fedora-gcc