Last updated on 2025-02-16 09:50:39 CET.
Flavor | Version | Tinstall | Tcheck | Ttotal | Status | Flags |
---|---|---|---|---|---|---|
r-devel-linux-x86_64-debian-clang | 0.6 | 1.45 | 16.27 | 17.72 | NOTE | |
r-devel-linux-x86_64-debian-gcc | 0.6 | 1.38 | 13.81 | 15.19 | NOTE | |
r-devel-linux-x86_64-fedora-clang | 0.6 | 29.66 | NOTE | |||
r-devel-linux-x86_64-fedora-gcc | 0.6 | 27.86 | NOTE | |||
r-devel-macos-arm64 | 0.6 | 14.00 | NOTE | |||
r-devel-macos-x86_64 | 0.6 | 23.00 | NOTE | |||
r-devel-windows-x86_64 | 0.6 | 3.00 | 38.00 | 41.00 | NOTE | |
r-patched-linux-x86_64 | 0.6 | 1.37 | 15.98 | 17.35 | NOTE | |
r-release-linux-x86_64 | 0.6 | 1.42 | 16.01 | 17.43 | NOTE | |
r-release-macos-arm64 | 0.6 | 19.00 | NOTE | |||
r-release-macos-x86_64 | 0.6 | 20.00 | NOTE | |||
r-release-windows-x86_64 | 0.6 | 3.00 | 36.00 | 39.00 | NOTE | |
r-oldrel-macos-arm64 | 0.6 | 14.00 | NOTE | |||
r-oldrel-macos-x86_64 | 0.6 | 19.00 | NOTE | |||
r-oldrel-windows-x86_64 | 0.6 | 2.00 | 32.00 | 34.00 | NOTE |
Version: 0.6
Check: DESCRIPTION meta-information
Result: NOTE
Malformed Description field: should contain one or more complete sentences.
Flavors: r-devel-linux-x86_64-debian-clang, r-devel-linux-x86_64-debian-gcc, r-devel-linux-x86_64-fedora-clang, r-devel-linux-x86_64-fedora-gcc, r-devel-macos-arm64, r-devel-macos-x86_64, r-devel-windows-x86_64, r-patched-linux-x86_64, r-release-linux-x86_64, r-release-macos-arm64, r-release-macos-x86_64, r-release-windows-x86_64, r-oldrel-macos-arm64, r-oldrel-macos-x86_64, r-oldrel-windows-x86_64