Last updated on 2025-02-19 09:50:49 CET.
Flavor | Version | Tinstall | Tcheck | Ttotal | Status | Flags |
---|---|---|---|---|---|---|
r-devel-linux-x86_64-debian-clang | 1.1.1 | 1.94 | 21.37 | 23.31 | NOTE | |
r-devel-linux-x86_64-debian-gcc | 1.1.1 | 1.49 | 16.95 | 18.44 | NOTE | |
r-devel-linux-x86_64-fedora-clang | 1.1.1 | 38.11 | NOTE | |||
r-devel-linux-x86_64-fedora-gcc | 1.1.1 | 34.89 | NOTE | |||
r-devel-macos-arm64 | 1.1.1 | 14.00 | NOTE | |||
r-devel-macos-x86_64 | 1.1.1 | 26.00 | NOTE | |||
r-devel-windows-x86_64 | 1.1.1 | 3.00 | 44.00 | 47.00 | NOTE | |
r-patched-linux-x86_64 | 1.1.1 | 2.32 | 20.51 | 22.83 | NOTE | |
r-release-linux-x86_64 | 1.1.1 | 2.07 | 20.19 | 22.26 | NOTE | |
r-release-macos-arm64 | 1.1.1 | 16.00 | NOTE | |||
r-release-macos-x86_64 | 1.1.1 | 24.00 | NOTE | |||
r-release-windows-x86_64 | 1.1.1 | 3.00 | 41.00 | 44.00 | NOTE | |
r-oldrel-macos-arm64 | 1.1.1 | 20.00 | OK | |||
r-oldrel-macos-x86_64 | 1.1.1 | 22.00 | OK | |||
r-oldrel-windows-x86_64 | 1.1.1 | 4.00 | 44.00 | 48.00 | OK |
Version: 1.1.1
Check: Rd files
Result: NOTE
checkRd: (-1) report.Rd:18: Lost braces; missing escapes or markup?
18 | \item{las}{numeric in {0,1,2,3}; the style of axis labels (see \code{\link{par}}).}
| ^
Flavors: r-devel-linux-x86_64-debian-clang, r-devel-linux-x86_64-debian-gcc, r-devel-linux-x86_64-fedora-clang, r-devel-linux-x86_64-fedora-gcc, r-devel-macos-arm64, r-devel-macos-x86_64, r-devel-windows-x86_64, r-patched-linux-x86_64, r-release-linux-x86_64, r-release-macos-arm64, r-release-macos-x86_64, r-release-windows-x86_64