CRAN Package Check Results for Package flux

Last updated on 2025-02-16 09:50:39 CET.

Flavor Version Tinstall Tcheck Ttotal Status Flags
r-devel-linux-x86_64-debian-clang 0.3-0.1 5.73 44.51 50.24 NOTE
r-devel-linux-x86_64-debian-gcc 0.3-0.1 3.84 30.48 34.32 NOTE
r-devel-linux-x86_64-fedora-clang 0.3-0.1 81.70 NOTE
r-devel-linux-x86_64-fedora-gcc 0.3-0.1 78.89 NOTE
r-devel-macos-arm64 0.3-0.1 25.00 OK
r-devel-macos-x86_64 0.3-0.1 46.00 OK
r-devel-windows-x86_64 0.3-0.1 6.00 67.00 73.00 OK
r-patched-linux-x86_64 0.3-0.1 6.61 41.81 48.42 NOTE
r-release-linux-x86_64 0.3-0.1 4.85 42.63 47.48 NOTE
r-release-macos-arm64 0.3-0.1 24.00 OK
r-release-macos-x86_64 0.3-0.1 37.00 OK
r-release-windows-x86_64 0.3-0.1 7.00 68.00 75.00 OK
r-oldrel-macos-arm64 0.3-0.1 25.00 OK
r-oldrel-macos-x86_64 0.3-0.1 38.00 OK
r-oldrel-windows-x86_64 0.3-0.1 8.00 71.00 79.00 OK

Check Details

Version: 0.3-0.1
Check: for non-standard things in the check directory
Result: NOTE Found the following files/directories: ‘flux.CH4.txt’ Flavors: r-devel-linux-x86_64-debian-clang, r-devel-linux-x86_64-debian-gcc, r-devel-linux-x86_64-fedora-clang, r-devel-linux-x86_64-fedora-gcc, r-patched-linux-x86_64, r-release-linux-x86_64