Last updated on 2025-02-16 09:50:39 CET.
Flavor | Version | Tinstall | Tcheck | Ttotal | Status | Flags |
---|---|---|---|---|---|---|
r-devel-linux-x86_64-debian-clang | 1.0.0.3 | 176.37 | 551.52 | 727.89 | OK | |
r-devel-linux-x86_64-debian-gcc | 1.0.0.3 | 108.87 | 312.32 | 421.19 | OK | |
r-devel-linux-x86_64-fedora-clang | 1.0.0.3 | 1196.16 | OK | |||
r-devel-linux-x86_64-fedora-gcc | 1.0.0.3 | 1164.82 | OK | |||
r-devel-macos-arm64 | 1.0.0.3 | 277.00 | OK | |||
r-devel-macos-x86_64 | 1.0.0.3 | 633.00 | OK | |||
r-devel-windows-x86_64 | 1.0.0.3 | 157.00 | 415.00 | 572.00 | OK | |
r-patched-linux-x86_64 | 1.0.0.3 | 181.41 | 502.98 | 684.39 | OK | |
r-release-linux-x86_64 | 1.0.0.3 | 166.93 | 505.75 | 672.68 | OK | |
r-release-macos-arm64 | 1.0.0.3 | 238.00 | NOTE | |||
r-release-macos-x86_64 | 1.0.0.3 | 395.00 | NOTE | |||
r-release-windows-x86_64 | 1.0.0.3 | 155.00 | 413.00 | 568.00 | NOTE | |
r-oldrel-macos-arm64 | 1.0.0.3 | 223.00 | NOTE | |||
r-oldrel-macos-x86_64 | 1.0.0.3 | 411.00 | NOTE | |||
r-oldrel-windows-x86_64 | 1.0.0.3 | 201.00 | 544.00 | 745.00 | NOTE |
Version: 1.0.0.3
Check: installed package size
Result: NOTE
installed size is 5.5Mb
sub-directories of 1Mb or more:
R 3.1Mb
help 1.3Mb
Flavors: r-release-macos-arm64, r-release-macos-x86_64, r-release-windows-x86_64, r-oldrel-macos-arm64, r-oldrel-macos-x86_64, r-oldrel-windows-x86_64