CRAN Package Check Results for Package flippant

Last updated on 2025-02-19 09:50:49 CET.

Flavor Version Tinstall Tcheck Ttotal Status Flags
r-devel-linux-x86_64-debian-clang 1.5.5 6.58 53.25 59.83 NOTE
r-devel-linux-x86_64-debian-gcc 1.5.5 3.73 38.09 41.82 NOTE
r-devel-linux-x86_64-fedora-clang 1.5.5 92.73 OK
r-devel-linux-x86_64-fedora-gcc 1.5.5 86.09 OK
r-devel-macos-arm64 1.5.5 32.00 OK
r-devel-macos-x86_64 1.5.5 86.00 OK
r-devel-windows-x86_64 1.5.5 8.00 67.00 75.00 NOTE
r-patched-linux-x86_64 1.5.5 9.78 49.82 59.60 OK
r-release-linux-x86_64 1.5.5 5.29 49.18 54.47 OK
r-release-macos-arm64 1.5.5 29.00 OK
r-release-macos-x86_64 1.5.5 43.00 OK
r-release-windows-x86_64 1.5.5 7.00 67.00 74.00 OK
r-oldrel-macos-arm64 1.5.5 34.00 OK
r-oldrel-macos-x86_64 1.5.5 60.00 OK
r-oldrel-windows-x86_64 1.5.5 10.00 72.00 82.00 OK

Check Details

Version: 1.5.5
Check: Rd cross-references
Result: NOTE Found the following Rd file(s) with Rd \link{} targets missing package anchors: scramblase_assay_plot.Rd: facet_wrap, ggplot, nlsLM, geom_line, geom_segment, geom_point Please provide package anchors for all Rd \link{} targets not in the package itself and the base packages. Flavors: r-devel-linux-x86_64-debian-clang, r-devel-linux-x86_64-debian-gcc, r-devel-windows-x86_64