Last updated on 2025-02-16 09:50:39 CET.
Flavor | Version | Tinstall | Tcheck | Ttotal | Status | Flags |
---|---|---|---|---|---|---|
r-devel-linux-x86_64-debian-clang | 0.0.1 | 10.46 | 69.10 | 79.56 | NOTE | |
r-devel-linux-x86_64-debian-gcc | 0.0.1 | 6.85 | 50.61 | 57.46 | NOTE | |
r-devel-linux-x86_64-fedora-clang | 0.0.1 | 127.36 | OK | |||
r-devel-linux-x86_64-fedora-gcc | 0.0.1 | 124.25 | OK | |||
r-devel-macos-arm64 | 0.0.1 | 38.00 | OK | |||
r-devel-macos-x86_64 | 0.0.1 | 68.00 | OK | |||
r-devel-windows-x86_64 | 0.0.1 | 10.00 | 82.00 | 92.00 | NOTE | |
r-patched-linux-x86_64 | 0.0.1 | 10.76 | 64.22 | 74.98 | OK | |
r-release-linux-x86_64 | 0.0.1 | 10.46 | 64.28 | 74.74 | OK | |
r-release-macos-arm64 | 0.0.1 | 37.00 | OK | |||
r-release-macos-x86_64 | 0.0.1 | 69.00 | OK | |||
r-release-windows-x86_64 | 0.0.1 | 10.00 | 90.00 | 100.00 | OK | |
r-oldrel-macos-arm64 | 0.0.1 | 41.00 | OK | |||
r-oldrel-macos-x86_64 | 0.0.1 | 68.00 | OK | |||
r-oldrel-windows-x86_64 | 0.0.1 | 14.00 | 113.00 | 127.00 | OK |
Version: 0.0.1
Check: Rd cross-references
Result: NOTE
Found the following Rd file(s) with Rd \link{} targets missing package
anchors:
FLXMRnlm.Rd: gnm, flexmix
flexmixNL-package.Rd: flexmix, gnm
Please provide package anchors for all Rd \link{} targets not in the
package itself and the base packages.
Flavors: r-devel-linux-x86_64-debian-clang, r-devel-linux-x86_64-debian-gcc, r-devel-windows-x86_64