CRAN Package Check Results for Package fdq

Last updated on 2025-02-19 09:50:48 CET.

Flavor Version Tinstall Tcheck Ttotal Status Flags
r-devel-linux-x86_64-debian-clang 0.12 7.65 56.55 64.20 OK
r-devel-linux-x86_64-debian-gcc 0.12 6.14 42.75 48.89 OK
r-devel-linux-x86_64-fedora-clang 0.12 108.90 NOTE
r-devel-linux-x86_64-fedora-gcc 0.12 102.47 NOTE
r-devel-macos-arm64 0.12 49.00 OK
r-devel-macos-x86_64 0.12 71.00 OK
r-devel-windows-x86_64 0.12 9.00 74.00 83.00 OK
r-patched-linux-x86_64 0.12 7.70 53.68 61.38 NOTE
r-release-linux-x86_64 0.12 7.46 52.84 60.30 NOTE
r-release-macos-arm64 0.12 48.00 NOTE
r-release-macos-x86_64 0.12 56.00 NOTE
r-release-windows-x86_64 0.12 9.00 72.00 81.00 NOTE
r-oldrel-macos-arm64 0.12 35.00 NOTE
r-oldrel-macos-x86_64 0.12 59.00 NOTE
r-oldrel-windows-x86_64 0.12 10.00 99.00 109.00 NOTE

Check Details

Version: 0.12
Check: dependencies in R code
Result: NOTE Namespaces in Imports field not imported from: ‘data.table’ ‘ggplot2’ ‘randomcoloR’ ‘sqldf’ All declared Imports should be used. Flavors: r-devel-linux-x86_64-fedora-clang, r-devel-linux-x86_64-fedora-gcc

Version: 0.12
Check: LazyData
Result: NOTE 'LazyData' is specified without a 'data' directory Flavors: r-patched-linux-x86_64, r-release-linux-x86_64, r-release-macos-arm64, r-release-macos-x86_64, r-release-windows-x86_64, r-oldrel-macos-arm64, r-oldrel-macos-x86_64, r-oldrel-windows-x86_64