Last updated on 2025-02-16 09:50:38 CET.
Flavor | Version | Tinstall | Tcheck | Ttotal | Status | Flags |
---|---|---|---|---|---|---|
r-devel-linux-x86_64-debian-clang | 1.1-21 | 1062.05 | 161.35 | 1223.40 | OK | |
r-devel-linux-x86_64-debian-gcc | 1.1-21 | 985.88 | 203.77 | 1189.65 | OK | |
r-devel-linux-x86_64-fedora-clang | 1.1-21 | 1928.88 | OK | |||
r-devel-linux-x86_64-fedora-gcc | 1.1-21 | 3087.69 | OK | |||
r-devel-macos-arm64 | 1.1-21 | 559.00 | OK | |||
r-devel-macos-x86_64 | 1.1-21 | 596.00 | OK | |||
r-devel-windows-x86_64 | 1.1-21 | 990.00 | 286.00 | 1276.00 | OK | |
r-patched-linux-x86_64 | 1.1-21 | 1237.25 | 253.71 | 1490.96 | NOTE | |
r-release-linux-x86_64 | 1.1-21 | 1262.17 | 251.11 | 1513.28 | NOTE | |
r-release-macos-arm64 | 1.1-21 | 539.00 | NOTE | |||
r-release-macos-x86_64 | 1.1-21 | 517.00 | NOTE | |||
r-release-windows-x86_64 | 1.1-21 | 1013.00 | 294.00 | 1307.00 | NOTE | |
r-oldrel-macos-arm64 | 1.1-21 | 555.00 | NOTE | |||
r-oldrel-macos-x86_64 | 1.1-21 | 511.00 | NOTE | |||
r-oldrel-windows-x86_64 | 1.1-21 | 1452.00 | 331.00 | 1783.00 | NOTE |
Version: 1.1-21
Check: for GNU extensions in Makefiles
Result: NOTE
GNU make is a SystemRequirements.
Flavors: r-patched-linux-x86_64, r-release-linux-x86_64, r-release-macos-arm64, r-release-macos-x86_64, r-release-windows-x86_64, r-oldrel-macos-arm64, r-oldrel-macos-x86_64, r-oldrel-windows-x86_64
Version: 1.1-21
Check: installed package size
Result: NOTE
installed size is 12.1Mb
sub-directories of 1Mb or more:
libs 11.0Mb
Flavors: r-release-macos-arm64, r-release-macos-x86_64, r-release-windows-x86_64, r-oldrel-macos-arm64, r-oldrel-macos-x86_64, r-oldrel-windows-x86_64