Last updated on 2025-04-15 09:52:20 CEST.
Flavor | Version | Tinstall | Tcheck | Ttotal | Status | Flags |
---|---|---|---|---|---|---|
r-devel-linux-x86_64-debian-clang | 1.0.1 | 13.06 | 63.06 | 76.12 | NOTE | |
r-devel-linux-x86_64-debian-gcc | 1.0.1 | 8.77 | 61.25 | 70.02 | NOTE | |
r-devel-linux-x86_64-fedora-clang | 1.0.1 | 136.15 | NOTE | |||
r-devel-linux-x86_64-fedora-gcc | 1.0.1 | 117.02 | NOTE | |||
r-devel-windows-x86_64 | 1.0.1 | 16.00 | 172.00 | 188.00 | NOTE | |
r-patched-linux-x86_64 | 1.0.1 | 12.35 | 64.12 | 76.47 | NOTE | |
r-release-linux-x86_64 | 1.0.1 | 12.47 | 79.51 | 91.98 | NOTE | |
r-release-macos-arm64 | 1.0.1 | 70.00 | NOTE | |||
r-release-macos-x86_64 | 1.0.1 | 126.00 | NOTE | |||
r-release-windows-x86_64 | 1.0.1 | 18.00 | 153.00 | 171.00 | NOTE | |
r-oldrel-macos-arm64 | 1.0.1 | 68.00 | NOTE | |||
r-oldrel-macos-x86_64 | 1.0.1 | 124.00 | NOTE | |||
r-oldrel-windows-x86_64 | 1.0.1 | 15.00 | 173.00 | 188.00 | NOTE |
Version: 1.0.1
Check: C++ specification
Result: NOTE
Specified C++11: please drop specification unless essential
Flavors: r-devel-linux-x86_64-debian-clang, r-devel-linux-x86_64-debian-gcc, r-devel-linux-x86_64-fedora-clang, r-devel-linux-x86_64-fedora-gcc, r-devel-windows-x86_64, r-patched-linux-x86_64, r-release-linux-x86_64, r-release-macos-arm64, r-release-macos-x86_64, r-release-windows-x86_64, r-oldrel-macos-arm64, r-oldrel-macos-x86_64, r-oldrel-windows-x86_64