Last updated on 2025-02-16 09:50:38 CET.
Flavor | Version | Tinstall | Tcheck | Ttotal | Status | Flags |
---|---|---|---|---|---|---|
r-devel-linux-x86_64-debian-clang | 0.4.1 | 43.09 | 54.35 | 97.44 | NOTE | |
r-devel-linux-x86_64-debian-gcc | 0.4.1 | 34.01 | 37.48 | 71.49 | NOTE | |
r-devel-linux-x86_64-fedora-clang | 0.4.1 | 186.01 | NOTE | |||
r-devel-linux-x86_64-fedora-gcc | 0.4.1 | 195.09 | NOTE | |||
r-devel-macos-arm64 | 0.4.1 | 43.00 | NOTE | |||
r-devel-macos-x86_64 | 0.4.1 | 97.00 | NOTE | |||
r-devel-windows-x86_64 | 0.4.1 | 51.00 | 98.00 | 149.00 | NOTE | |
r-patched-linux-x86_64 | 0.4.1 | 45.47 | 49.55 | 95.02 | NOTE | |
r-release-linux-x86_64 | 0.4.1 | 44.94 | 50.63 | 95.57 | NOTE | |
r-release-macos-arm64 | 0.4.1 | 46.00 | NOTE | |||
r-release-macos-x86_64 | 0.4.1 | 64.00 | NOTE | |||
r-release-windows-x86_64 | 0.4.1 | 52.00 | 100.00 | 152.00 | NOTE | |
r-oldrel-macos-arm64 | 0.4.1 | 52.00 | OK | |||
r-oldrel-macos-x86_64 | 0.4.1 | 87.00 | OK | |||
r-oldrel-windows-x86_64 | 0.4.1 | 62.00 | 106.00 | 168.00 | OK |
Version: 0.4.1
Check: Rd files
Result: NOTE
checkRd: (-1) plot.fbroc.conf.Rd:5: Lost braces
5 | \title{Plots function for object of class{fbroc.conf}}
| ^
Flavors: r-devel-linux-x86_64-debian-clang, r-devel-linux-x86_64-debian-gcc, r-devel-linux-x86_64-fedora-clang, r-devel-linux-x86_64-fedora-gcc, r-devel-macos-arm64, r-devel-macos-x86_64, r-devel-windows-x86_64, r-patched-linux-x86_64, r-release-linux-x86_64, r-release-macos-arm64, r-release-macos-x86_64, r-release-windows-x86_64