Last updated on 2025-04-16 09:52:59 CEST.
Flavor | Version | Tinstall | Tcheck | Ttotal | Status | Flags |
---|---|---|---|---|---|---|
r-devel-linux-x86_64-debian-clang | 1.2.5 | 10.21 | 80.14 | 90.35 | NOTE | |
r-devel-linux-x86_64-debian-gcc | 1.2.5 | 7.51 | 56.50 | 64.01 | NOTE | |
r-devel-linux-x86_64-fedora-clang | 1.2.5 | 141.40 | OK | |||
r-devel-linux-x86_64-fedora-gcc | 1.2.5 | 133.61 | OK | |||
r-devel-windows-x86_64 | 1.2.5 | 11.00 | 85.00 | 96.00 | NOTE | |
r-patched-linux-x86_64 | 1.2.5 | 9.57 | 77.92 | 87.49 | NOTE | |
r-release-linux-x86_64 | 1.2.5 | 7.64 | 76.07 | 83.71 | NOTE | |
r-release-macos-arm64 | 1.2.5 | 45.00 | OK | |||
r-release-macos-x86_64 | 1.2.5 | 78.00 | OK | |||
r-release-windows-x86_64 | 1.2.5 | 11.00 | 85.00 | 96.00 | NOTE | |
r-oldrel-macos-arm64 | 1.2.5 | 43.00 | OK | |||
r-oldrel-macos-x86_64 | 1.2.5 | 66.00 | OK | |||
r-oldrel-windows-x86_64 | 1.2.5 | 14.00 | 108.00 | 122.00 | OK |
Version: 1.2.5
Check: Rd cross-references
Result: NOTE
Found the following Rd file(s) with Rd \link{} targets missing package
anchors:
fat2Lpoly.Rd: kinship
fat2Lpoly.withinR.Rd: kinship
Please provide package anchors for all Rd \link{} targets not in the
package itself and the base packages.
Flavors: r-devel-linux-x86_64-debian-clang, r-devel-linux-x86_64-debian-gcc, r-devel-windows-x86_64, r-patched-linux-x86_64, r-release-linux-x86_64, r-release-windows-x86_64