Last updated on 2025-02-19 09:50:48 CET.
Flavor | Version | Tinstall | Tcheck | Ttotal | Status | Flags |
---|---|---|---|---|---|---|
r-devel-linux-x86_64-debian-clang | 0.1.1 | 45.99 | 24.49 | 70.48 | OK | |
r-devel-linux-x86_64-debian-gcc | 0.1.1 | 31.26 | 18.86 | 50.12 | OK | |
r-devel-linux-x86_64-fedora-clang | 0.1.1 | 147.72 | OK | |||
r-devel-linux-x86_64-fedora-gcc | 0.1.1 | 125.18 | OK | |||
r-devel-macos-arm64 | 0.1.1 | 32.00 | OK | |||
r-devel-macos-x86_64 | 0.1.1 | 51.00 | OK | |||
r-devel-windows-x86_64 | 0.1.1 | 27.00 | 71.00 | 98.00 | NOTE | |
r-patched-linux-x86_64 | 0.1.1 | 44.03 | 22.87 | 66.90 | NOTE | |
r-release-linux-x86_64 | 0.1.1 | 43.83 | 22.98 | 66.81 | NOTE | |
r-release-macos-arm64 | 0.1.1 | 34.00 | NOTE | |||
r-release-macos-x86_64 | 0.1.1 | 49.00 | NOTE | |||
r-release-windows-x86_64 | 0.1.1 | 28.00 | 62.00 | 90.00 | NOTE | |
r-oldrel-macos-arm64 | 0.1.1 | 38.00 | NOTE | |||
r-oldrel-macos-x86_64 | 0.1.1 | 66.00 | NOTE | |||
r-oldrel-windows-x86_64 | 0.1.1 | 34.00 | 71.00 | 105.00 | NOTE |
Version: 0.1.1
Check: C++ specification
Result: NOTE
Specified C++11: please drop specification unless essential
Flavors: r-devel-windows-x86_64, r-release-windows-x86_64, r-oldrel-windows-x86_64
Version: 0.1.1
Check: LazyData
Result: NOTE
'LazyData' is specified without a 'data' directory
Flavors: r-patched-linux-x86_64, r-release-linux-x86_64, r-release-macos-arm64, r-release-macos-x86_64, r-release-windows-x86_64, r-oldrel-macos-arm64, r-oldrel-macos-x86_64, r-oldrel-windows-x86_64