Last updated on 2025-02-19 09:50:48 CET.
Flavor | Version | Tinstall | Tcheck | Ttotal | Status | Flags |
---|---|---|---|---|---|---|
r-devel-linux-x86_64-debian-clang | 2.1.2 | 25.31 | 21.26 | 46.57 | OK | |
r-devel-linux-x86_64-debian-gcc | 2.1.2 | 26.43 | 17.76 | 44.19 | OK | |
r-devel-linux-x86_64-fedora-clang | 2.1.2 | 79.79 | OK | |||
r-devel-linux-x86_64-fedora-gcc | 2.1.2 | 103.93 | OK | |||
r-devel-macos-arm64 | 2.1.2 | 26.00 | OK | |||
r-devel-macos-x86_64 | 2.1.2 | 50.00 | OK | |||
r-devel-windows-x86_64 | 2.1.2 | 40.00 | 61.00 | 101.00 | OK | |
r-patched-linux-x86_64 | 2.1.2 | 32.99 | 20.20 | 53.19 | OK | |
r-release-linux-x86_64 | 2.1.2 | 33.69 | 20.10 | 53.79 | OK | |
r-release-macos-arm64 | 2.1.2 | 31.00 | OK | |||
r-release-macos-x86_64 | 2.1.2 | 38.00 | NOTE | |||
r-release-windows-x86_64 | 2.1.2 | 39.00 | 59.00 | 98.00 | OK | |
r-oldrel-macos-arm64 | 2.1.2 | 41.00 | OK | |||
r-oldrel-macos-x86_64 | 2.1.2 | 97.00 | NOTE | |||
r-oldrel-windows-x86_64 | 2.1.2 | 38.00 | 64.00 | 102.00 | OK |
Version: 2.1.2
Check: installed package size
Result: NOTE
installed size is 5.4Mb
sub-directories of 1Mb or more:
help 1.6Mb
libs 3.8Mb
Flavors: r-release-macos-x86_64, r-oldrel-macos-x86_64