Last updated on 2025-02-16 09:50:38 CET.
Flavor | Version | Tinstall | Tcheck | Ttotal | Status | Flags |
---|---|---|---|---|---|---|
r-devel-linux-x86_64-debian-clang | 3.0.1 | 33.60 | 37.87 | 71.47 | OK | |
r-devel-linux-x86_64-debian-gcc | 3.0.1 | 21.97 | 26.90 | 48.87 | OK | |
r-devel-linux-x86_64-fedora-clang | 3.0.1 | 125.97 | NOTE | |||
r-devel-linux-x86_64-fedora-gcc | 3.0.1 | 109.32 | NOTE | |||
r-devel-macos-arm64 | 3.0.1 | 35.00 | OK | |||
r-devel-macos-x86_64 | 3.0.1 | 69.00 | OK | |||
r-devel-windows-x86_64 | 3.0.1 | 33.00 | 67.00 | 100.00 | OK | |
r-patched-linux-x86_64 | 3.0.1 | 38.11 | 34.35 | 72.46 | NOTE | |
r-release-linux-x86_64 | 3.0.1 | 31.76 | 34.54 | 66.30 | NOTE | |
r-release-macos-arm64 | 3.0.1 | 29.00 | NOTE | |||
r-release-macos-x86_64 | 3.0.1 | 49.00 | NOTE | |||
r-release-windows-x86_64 | 3.0.1 | 35.00 | 64.00 | 99.00 | NOTE | |
r-oldrel-macos-arm64 | 3.0.1 | 33.00 | NOTE | |||
r-oldrel-macos-x86_64 | 3.0.1 | 53.00 | NOTE | |||
r-oldrel-windows-x86_64 | 3.0.1 | 44.00 | 70.00 | 114.00 | NOTE |
Version: 3.0.1
Check: dependencies in R code
Result: NOTE
Namespaces in Imports field not imported from:
‘R6’ ‘caTools’ ‘httr’ ‘jsonlite’ ‘rlang’
All declared Imports should be used.
Flavors: r-devel-linux-x86_64-fedora-clang, r-devel-linux-x86_64-fedora-gcc
Version: 3.0.1
Check: LazyData
Result: NOTE
'LazyData' is specified without a 'data' directory
Flavors: r-patched-linux-x86_64, r-release-linux-x86_64, r-release-macos-arm64, r-release-macos-x86_64, r-release-windows-x86_64, r-oldrel-macos-arm64, r-oldrel-macos-x86_64, r-oldrel-windows-x86_64