Last updated on 2025-02-16 09:50:38 CET.
Flavor | Version | Tinstall | Tcheck | Ttotal | Status | Flags |
---|---|---|---|---|---|---|
r-devel-linux-x86_64-debian-clang | 0.2.0 | 5.38 | 62.78 | 68.16 | NOTE | |
r-devel-linux-x86_64-debian-gcc | 0.2.0 | 4.36 | 46.24 | 50.60 | NOTE | |
r-devel-linux-x86_64-fedora-clang | 0.2.0 | 118.05 | NOTE | |||
r-devel-linux-x86_64-fedora-gcc | 0.2.0 | 122.17 | NOTE | |||
r-devel-macos-arm64 | 0.2.0 | 49.00 | NOTE | |||
r-devel-macos-x86_64 | 0.2.0 | 109.00 | NOTE | |||
r-devel-windows-x86_64 | 0.2.0 | 8.00 | 86.00 | 94.00 | NOTE | |
r-patched-linux-x86_64 | 0.2.0 | 6.91 | 59.95 | 66.86 | NOTE | |
r-release-linux-x86_64 | 0.2.0 | 6.28 | 59.46 | 65.74 | NOTE | |
r-release-macos-arm64 | 0.2.0 | 40.00 | NOTE | |||
r-release-macos-x86_64 | 0.2.0 | 58.00 | NOTE | |||
r-release-windows-x86_64 | 0.2.0 | 7.00 | 94.00 | 101.00 | NOTE | |
r-oldrel-macos-arm64 | 0.2.0 | 43.00 | NOTE | |||
r-oldrel-macos-x86_64 | 0.2.0 | 61.00 | NOTE | |||
r-oldrel-windows-x86_64 | 0.2.0 | 10.00 | 96.00 | 106.00 | NOTE |
Version: 0.2.0
Check: package subdirectories
Result: NOTE
Problems with news in ‘NEWS.md’:
Cannot extract version info from the following section titles:
minor changes
Flavors: r-devel-linux-x86_64-debian-clang, r-devel-linux-x86_64-debian-gcc, r-devel-linux-x86_64-fedora-clang, r-devel-linux-x86_64-fedora-gcc, r-devel-macos-arm64, r-devel-macos-x86_64, r-devel-windows-x86_64, r-patched-linux-x86_64, r-release-linux-x86_64, r-release-macos-arm64, r-release-macos-x86_64, r-release-windows-x86_64, r-oldrel-macos-arm64, r-oldrel-macos-x86_64, r-oldrel-windows-x86_64