Last updated on 2025-02-19 09:50:48 CET.
Flavor | Version | Tinstall | Tcheck | Ttotal | Status | Flags |
---|---|---|---|---|---|---|
r-devel-linux-x86_64-debian-clang | 0.1.0 | 8.93 | 71.56 | 80.49 | NOTE | |
r-devel-linux-x86_64-debian-gcc | 0.1.0 | 6.29 | 48.15 | 54.44 | NOTE | |
r-devel-linux-x86_64-fedora-clang | 0.1.0 | 129.30 | NOTE | |||
r-devel-linux-x86_64-fedora-gcc | 0.1.0 | 118.11 | NOTE | |||
r-devel-macos-arm64 | 0.1.0 | 37.00 | OK | |||
r-devel-macos-x86_64 | 0.1.0 | 64.00 | NOTE | |||
r-devel-windows-x86_64 | 0.1.0 | 9.00 | 83.00 | 92.00 | NOTE | |
r-patched-linux-x86_64 | 0.1.0 | 8.04 | 64.96 | 73.00 | OK | |
r-release-linux-x86_64 | 0.1.0 | 7.06 | 65.08 | 72.14 | OK | |
r-release-macos-arm64 | 0.1.0 | 35.00 | OK | |||
r-release-macos-x86_64 | 0.1.0 | 53.00 | OK | |||
r-release-windows-x86_64 | 0.1.0 | 9.00 | 81.00 | 90.00 | OK | |
r-oldrel-macos-arm64 | 0.1.0 | 38.00 | OK | |||
r-oldrel-macos-x86_64 | 0.1.0 | 106.00 | OK | |||
r-oldrel-windows-x86_64 | 0.1.0 | 12.00 | 95.00 | 107.00 | OK |
Version: 0.1.0
Check: DESCRIPTION meta-information
Result: NOTE
Missing dependency on R >= 4.1.0 because package code uses the pipe
|> or function shorthand \(...) syntax added in R 4.1.0.
File(s) using such syntax:
‘GLARMA.R’ ‘INGARCH.R’
Flavors: r-devel-linux-x86_64-debian-clang, r-devel-linux-x86_64-debian-gcc, r-devel-linux-x86_64-fedora-clang, r-devel-linux-x86_64-fedora-gcc, r-devel-macos-x86_64, r-devel-windows-x86_64
Version: 0.1.0
Check: dependencies in R code
Result: NOTE
Namespace in Imports field not imported from: ‘tsibbledata’
All declared Imports should be used.
Flavors: r-devel-linux-x86_64-fedora-clang, r-devel-linux-x86_64-fedora-gcc