Last updated on 2025-02-19 09:50:48 CET.
Flavor | Version | Tinstall | Tcheck | Ttotal | Status | Flags |
---|---|---|---|---|---|---|
r-devel-linux-x86_64-debian-clang | 0.2 | 2.24 | 26.16 | 28.40 | NOTE | |
r-devel-linux-x86_64-debian-gcc | 0.2 | 1.64 | 19.38 | 21.02 | NOTE | |
r-devel-linux-x86_64-fedora-clang | 0.2 | 46.74 | NOTE | |||
r-devel-linux-x86_64-fedora-gcc | 0.2 | 44.15 | NOTE | |||
r-devel-macos-arm64 | 0.2 | 16.00 | NOTE | |||
r-devel-macos-x86_64 | 0.2 | 29.00 | NOTE | |||
r-devel-windows-x86_64 | 0.2 | 3.00 | 57.00 | 60.00 | NOTE | |
r-patched-linux-x86_64 | 0.2 | 2.14 | 25.14 | 27.28 | NOTE | |
r-release-linux-x86_64 | 0.2 | 2.09 | 24.62 | 26.71 | NOTE | |
r-release-macos-arm64 | 0.2 | 16.00 | NOTE | |||
r-release-macos-x86_64 | 0.2 | 25.00 | NOTE | |||
r-release-windows-x86_64 | 0.2 | 3.00 | 49.00 | 52.00 | NOTE | |
r-oldrel-macos-arm64 | 0.2 | 17.00 | NOTE | |||
r-oldrel-macos-x86_64 | 0.2 | 25.00 | NOTE | |||
r-oldrel-windows-x86_64 | 0.2 | 3.00 | 69.00 | 72.00 | NOTE |
Version: 0.2
Check: package subdirectories
Result: NOTE
Problems with news in ‘NEWS.md’:
No news entries found.
Flavors: r-devel-linux-x86_64-debian-clang, r-devel-linux-x86_64-debian-gcc, r-devel-linux-x86_64-fedora-clang, r-devel-linux-x86_64-fedora-gcc, r-devel-macos-arm64, r-devel-macos-x86_64, r-devel-windows-x86_64, r-patched-linux-x86_64, r-release-linux-x86_64, r-release-macos-arm64, r-release-macos-x86_64, r-release-windows-x86_64, r-oldrel-macos-arm64, r-oldrel-macos-x86_64, r-oldrel-windows-x86_64