Last updated on 2025-02-16 09:50:38 CET.
Flavor | Version | Tinstall | Tcheck | Ttotal | Status | Flags |
---|---|---|---|---|---|---|
r-devel-linux-x86_64-debian-clang | 0.1.0 | 2.55 | 29.50 | 32.05 | OK | |
r-devel-linux-x86_64-debian-gcc | 0.1.0 | 1.78 | 22.74 | 24.52 | OK | |
r-devel-linux-x86_64-fedora-clang | 0.1.0 | 53.35 | NOTE | |||
r-devel-linux-x86_64-fedora-gcc | 0.1.0 | 48.46 | NOTE | |||
r-devel-macos-arm64 | 0.1.0 | 26.00 | OK | |||
r-devel-macos-x86_64 | 0.1.0 | 44.00 | OK | |||
r-devel-windows-x86_64 | 0.1.0 | 4.00 | 62.00 | 66.00 | OK | |
r-patched-linux-x86_64 | 0.1.0 | 2.38 | 27.92 | 30.30 | NOTE | |
r-release-linux-x86_64 | 0.1.0 | 2.17 | 27.81 | 29.98 | NOTE | |
r-release-macos-arm64 | 0.1.0 | 20.00 | NOTE | |||
r-release-macos-x86_64 | 0.1.0 | 26.00 | NOTE | |||
r-release-windows-x86_64 | 0.1.0 | 4.00 | 65.00 | 69.00 | NOTE | |
r-oldrel-macos-arm64 | 0.1.0 | 29.00 | NOTE | |||
r-oldrel-macos-x86_64 | 0.1.0 | 27.00 | NOTE | |||
r-oldrel-windows-x86_64 | 0.1.0 | 4.00 | 58.00 | 62.00 | NOTE |
Version: 0.1.0
Check: dependencies in R code
Result: NOTE
Namespace in Imports field not imported from: ‘polynom’
All declared Imports should be used.
Flavors: r-devel-linux-x86_64-fedora-clang, r-devel-linux-x86_64-fedora-gcc
Version: 0.1.0
Check: LazyData
Result: NOTE
'LazyData' is specified without a 'data' directory
Flavors: r-patched-linux-x86_64, r-release-linux-x86_64, r-release-macos-arm64, r-release-macos-x86_64, r-release-windows-x86_64, r-oldrel-macos-arm64, r-oldrel-macos-x86_64, r-oldrel-windows-x86_64