Last updated on 2025-02-16 09:50:38 CET.
Flavor | Version | Tinstall | Tcheck | Ttotal | Status | Flags |
---|---|---|---|---|---|---|
r-devel-linux-x86_64-debian-clang | 0.3-4 | 30.98 | 293.08 | 324.06 | NOTE | |
r-devel-linux-x86_64-debian-gcc | 0.3-4 | 21.77 | 190.12 | 211.89 | NOTE | |
r-devel-linux-x86_64-fedora-clang | 0.3-4 | 579.74 | OK | |||
r-devel-linux-x86_64-fedora-gcc | 0.3-4 | 505.16 | OK | |||
r-devel-macos-arm64 | 0.3-4 | 113.00 | OK | |||
r-devel-macos-x86_64 | 0.3-4 | 269.00 | OK | |||
r-devel-windows-x86_64 | 0.3-4 | 35.00 | 286.00 | 321.00 | NOTE | |
r-patched-linux-x86_64 | 0.3-4 | 33.94 | 277.75 | 311.69 | OK | |
r-release-linux-x86_64 | 0.3-4 | 26.93 | 279.64 | 306.57 | OK | |
r-release-macos-arm64 | 0.3-4 | 106.00 | OK | |||
r-release-macos-x86_64 | 0.3-4 | 204.00 | OK | |||
r-release-windows-x86_64 | 0.3-4 | 37.00 | 284.00 | 321.00 | OK | |
r-oldrel-macos-arm64 | 0.3-4 | 128.00 | OK | |||
r-oldrel-macos-x86_64 | 0.3-4 | 299.00 | OK | |||
r-oldrel-windows-x86_64 | 0.3-4 | 46.00 | 371.00 | 417.00 | OK |
Version: 0.3-4
Check: Rd cross-references
Result: NOTE
Found the following Rd file(s) with Rd \link{} targets missing package
anchors:
MantelCor.Rd: mantel
MantelModTest.Rd: mantel
Please provide package anchors for all Rd \link{} targets not in the
package itself and the base packages.
Flavors: r-devel-linux-x86_64-debian-clang, r-devel-linux-x86_64-debian-gcc, r-devel-windows-x86_64