Last updated on 2025-10-27 08:49:51 CET.
| Flavor | Version | Tinstall | Tcheck | Ttotal | Status | Flags | 
|---|---|---|---|---|---|---|
| r-devel-linux-x86_64-debian-clang | 1.0.2 | 1.85 | 20.69 | 22.54 | NOTE | |
| r-devel-linux-x86_64-debian-gcc | 1.0.2 | 1.44 | 16.90 | 18.34 | NOTE | |
| r-devel-linux-x86_64-fedora-clang | 1.0.2 | 32.91 | OK | |||
| r-devel-linux-x86_64-fedora-gcc | 1.0.2 | 31.16 | OK | |||
| r-devel-windows-x86_64 | 1.0.2 | 4.00 | 41.00 | 45.00 | OK | |
| r-patched-linux-x86_64 | 1.0.2 | 1.71 | 19.82 | 21.53 | OK | |
| r-release-linux-x86_64 | 1.0.2 | 1.72 | 19.67 | 21.39 | OK | |
| r-release-macos-arm64 | 1.0.2 | 1.00 | 14.00 | 15.00 | OK | |
| r-release-macos-x86_64 | 1.0.2 | 2.00 | 23.00 | 25.00 | OK | |
| r-release-windows-x86_64 | 1.0.2 | 2.00 | 47.00 | 49.00 | OK | |
| r-oldrel-macos-arm64 | 1.0.2 | 1.00 | 13.00 | 14.00 | NOTE | |
| r-oldrel-macos-x86_64 | 1.0.2 | 2.00 | 18.00 | 20.00 | NOTE | |
| r-oldrel-windows-x86_64 | 1.0.2 | 4.00 | 41.00 | 45.00 | NOTE | 
Version: 1.0.2
Check: CRAN incoming feasibility
Result: NOTE
  Maintainer: ‘Satoshi Aoki <aokis1ll1@gmail.com>’
  
  No Authors@R field in DESCRIPTION.
  Please add one, modifying
    Authors@R: person(given = "Satoshi",
                      family = "Aoki",
                      role = c("aut", "cre"),
                      email = "aokis1ll1@gmail.com")
  as necessary.
Flavors: r-devel-linux-x86_64-debian-clang, r-devel-linux-x86_64-debian-gcc
Version: 1.0.2
Check: LazyData
Result: NOTE
    'LazyData' is specified without a 'data' directory
Flavors: r-oldrel-macos-arm64, r-oldrel-macos-x86_64, r-oldrel-windows-x86_64