Last updated on 2025-02-20 09:50:48 CET.
Flavor | Version | Tinstall | Tcheck | Ttotal | Status | Flags |
---|---|---|---|---|---|---|
r-devel-linux-x86_64-debian-clang | 0.6.1.0 | 84.74 | 78.78 | 163.52 | OK | |
r-devel-linux-x86_64-debian-gcc | 0.6.1.0 | 72.93 | 53.10 | 126.03 | OK | |
r-devel-linux-x86_64-fedora-clang | 0.6.1.0 | 284.68 | OK | |||
r-devel-linux-x86_64-fedora-gcc | 0.6.1.0 | 318.72 | OK | |||
r-devel-macos-arm64 | 0.6.1.0 | 107.00 | OK | |||
r-devel-macos-x86_64 | 0.6.1.0 | 219.00 | OK | |||
r-devel-windows-x86_64 | 0.6.1.0 | 87.00 | 118.00 | 205.00 | OK | |
r-patched-linux-x86_64 | 0.6.1.0 | 99.37 | 69.46 | 168.83 | OK | |
r-release-linux-x86_64 | 0.6.1.0 | 94.45 | 68.58 | 163.03 | OK | |
r-release-macos-arm64 | 0.6.1.0 | 98.00 | NOTE | |||
r-release-macos-x86_64 | 0.6.1.0 | 151.00 | NOTE | |||
r-release-windows-x86_64 | 0.6.1.0 | 85.00 | 118.00 | 203.00 | OK | |
r-oldrel-macos-arm64 | 0.3-2 | 94.00 | NOTE | |||
r-oldrel-macos-x86_64 | 0.6.1.0 | 185.00 | NOTE | |||
r-oldrel-windows-x86_64 | 0.6.1.0 | 82.00 | 129.00 | 211.00 | OK |
Version: 0.6.1.0
Check: installed package size
Result: NOTE
installed size is 17.2Mb
sub-directories of 1Mb or more:
libs 14.7Mb
Flavors: r-release-macos-arm64, r-release-macos-x86_64, r-oldrel-macos-x86_64
Version: 0.3-2
Check: installed package size
Result: NOTE
installed size is 15.3Mb
sub-directories of 1Mb or more:
libs 13.1Mb
Flavor: r-oldrel-macos-arm64