CRAN Package Check Results for Package epca

Last updated on 2025-07-12 09:49:17 CEST.

Flavor Version Tinstall Tcheck Ttotal Status Flags
r-devel-linux-x86_64-debian-clang 1.1.0 2.42 43.73 46.15 NOTE
r-devel-linux-x86_64-debian-gcc 1.1.0 1.83 33.85 35.68 NOTE
r-devel-linux-x86_64-fedora-clang 1.1.0 75.21 NOTE
r-devel-linux-x86_64-fedora-gcc 1.1.0 80.11 NOTE
r-devel-windows-x86_64 1.1.0 4.00 66.00 70.00 NOTE
r-patched-linux-x86_64 1.1.0 3.13 42.75 45.88 NOTE
r-release-linux-x86_64 1.1.0 2.28 42.54 44.82 NOTE
r-release-macos-arm64 1.1.0 40.00 NOTE
r-release-macos-x86_64 1.1.0 82.00 NOTE
r-release-windows-x86_64 1.1.0 4.00 66.00 70.00 NOTE
r-oldrel-macos-arm64 1.1.0 31.00 NOTE
r-oldrel-macos-x86_64 1.1.0 72.00 NOTE
r-oldrel-windows-x86_64 1.1.0 4.00 79.00 83.00 NOTE

Check Details

Version: 1.1.0
Check: Rd files
Result: NOTE checkRd: (-1) misClustRate.Rd:18: Lost braces; missing escapes or markup? 18 | Compute the empirical MCR, assuming that #{cluster} = #{block}, | ^ checkRd: (-1) misClustRate.Rd:18: Lost braces; missing escapes or markup? 18 | Compute the empirical MCR, assuming that #{cluster} = #{block}, | ^ Flavors: r-devel-linux-x86_64-debian-clang, r-devel-linux-x86_64-debian-gcc, r-devel-linux-x86_64-fedora-clang, r-devel-linux-x86_64-fedora-gcc, r-devel-windows-x86_64, r-patched-linux-x86_64, r-release-linux-x86_64, r-release-macos-arm64, r-release-macos-x86_64, r-release-windows-x86_64, r-oldrel-macos-arm64, r-oldrel-macos-x86_64, r-oldrel-windows-x86_64