Last updated on 2025-02-16 09:50:38 CET.
Flavor | Version | Tinstall | Tcheck | Ttotal | Status | Flags |
---|---|---|---|---|---|---|
r-devel-linux-x86_64-debian-clang | 1.1.0 | 13.89 | 90.15 | 104.04 | NOTE | |
r-devel-linux-x86_64-debian-gcc | 1.1.0 | 8.72 | 63.57 | 72.29 | NOTE | |
r-devel-linux-x86_64-fedora-clang | 1.1.0 | 168.73 | NOTE | |||
r-devel-linux-x86_64-fedora-gcc | 1.1.0 | 151.24 | NOTE | |||
r-devel-macos-arm64 | 1.1.0 | 48.00 | NOTE | |||
r-devel-macos-x86_64 | 1.1.0 | 86.00 | NOTE | |||
r-devel-windows-x86_64 | 1.1.0 | 14.00 | 95.00 | 109.00 | NOTE | |
r-patched-linux-x86_64 | 1.1.0 | 12.47 | 81.40 | 93.87 | NOTE | |
r-release-linux-x86_64 | 1.1.0 | 10.38 | 82.66 | 93.04 | NOTE | |
r-release-macos-arm64 | 1.1.0 | 46.00 | NOTE | |||
r-release-macos-x86_64 | 1.1.0 | 67.00 | NOTE | |||
r-release-windows-x86_64 | 1.1.0 | 15.00 | 94.00 | 109.00 | NOTE | |
r-oldrel-macos-arm64 | 1.1.0 | 51.00 | OK | |||
r-oldrel-macos-x86_64 | 1.1.0 | 76.00 | OK | |||
r-oldrel-windows-x86_64 | 1.1.0 | 18.00 | 111.00 | 129.00 | OK |
Version: 1.1.0
Check: Rd files
Result: NOTE
checkRd: (-1) enetLTS-package.Rd:41: Lost braces; missing escapes or markup?
41 | \code{family="binomial"} should be a factor with two levels which is coded as \code{0} and {1}.
| ^
Flavors: r-devel-linux-x86_64-debian-clang, r-devel-linux-x86_64-debian-gcc, r-devel-linux-x86_64-fedora-clang, r-devel-linux-x86_64-fedora-gcc, r-devel-macos-arm64, r-devel-macos-x86_64, r-devel-windows-x86_64, r-patched-linux-x86_64, r-release-linux-x86_64, r-release-macos-arm64, r-release-macos-x86_64, r-release-windows-x86_64