Last updated on 2025-10-07 09:49:44 CEST.
Flavor | Version | Tinstall | Tcheck | Ttotal | Status | Flags |
---|---|---|---|---|---|---|
r-devel-linux-x86_64-debian-clang | 0.5 | 12.28 | 128.42 | 140.70 | NOTE | |
r-devel-linux-x86_64-debian-gcc | 0.5 | 8.27 | 89.58 | 97.85 | NOTE | |
r-devel-linux-x86_64-fedora-clang | 0.5 | 218.66 | OK | |||
r-devel-linux-x86_64-fedora-gcc | 0.5 | 226.85 | OK | |||
r-devel-windows-x86_64 | 0.5 | 16.00 | 135.00 | 151.00 | OK | |
r-patched-linux-x86_64 | 0.5 | 12.92 | 119.63 | 132.55 | OK | |
r-release-linux-x86_64 | 0.5 | 11.81 | 118.97 | 130.78 | OK | |
r-release-macos-arm64 | 0.5 | 76.00 | OK | |||
r-release-macos-x86_64 | 0.5 | 123.00 | OK | |||
r-release-windows-x86_64 | 0.5 | 18.00 | 131.00 | 149.00 | OK | |
r-oldrel-macos-arm64 | 0.5 | 60.00 | OK | |||
r-oldrel-macos-x86_64 | 0.5 | 85.00 | OK | |||
r-oldrel-windows-x86_64 | 0.5 | 21.00 | 164.00 | 185.00 | OK |
Version: 0.5
Check: CRAN incoming feasibility
Result: NOTE
Maintainer: ‘Okan Bulut <bulut@ualberta.ca>’
Package CITATION file contains call(s) to old-style personList() or
as.personList(). Please use c() on person objects instead.
Package CITATION file contains call(s) to old-style citEntry(). Please
use bibentry() instead.
Flavors: r-devel-linux-x86_64-debian-clang, r-devel-linux-x86_64-debian-gcc