Last updated on 2025-02-19 09:50:48 CET.
Flavor | Version | Tinstall | Tcheck | Ttotal | Status | Flags |
---|---|---|---|---|---|---|
r-devel-linux-x86_64-debian-clang | 1.11 | 2.14 | 26.29 | 28.43 | NOTE | |
r-devel-linux-x86_64-debian-gcc | 1.11 | 1.60 | 20.35 | 21.95 | NOTE | |
r-devel-linux-x86_64-fedora-clang | 1.11 | 45.77 | NOTE | |||
r-devel-linux-x86_64-fedora-gcc | 1.11 | 43.04 | NOTE | |||
r-devel-macos-arm64 | 1.11 | 18.00 | NOTE | |||
r-devel-macos-x86_64 | 1.11 | 42.00 | NOTE | |||
r-devel-windows-x86_64 | 1.11 | 3.00 | 47.00 | 50.00 | NOTE | |
r-patched-linux-x86_64 | 1.11 | 2.19 | 25.56 | 27.75 | NOTE | |
r-release-linux-x86_64 | 1.11 | 1.88 | 25.40 | 27.28 | NOTE | |
r-release-macos-arm64 | 1.11 | 22.00 | NOTE | |||
r-release-macos-x86_64 | 1.11 | 37.00 | NOTE | |||
r-release-windows-x86_64 | 1.11 | 3.00 | 46.00 | 49.00 | NOTE | |
r-oldrel-macos-arm64 | 1.11 | 20.00 | NOTE | |||
r-oldrel-macos-x86_64 | 1.11 | 26.00 | NOTE | |||
r-oldrel-windows-x86_64 | 1.11 | 4.00 | 49.00 | 53.00 | NOTE |
Version: 1.11
Check: package subdirectories
Result: NOTE
Problems with news in ‘NEWS.md’:
No news entries found.
Flavors: r-devel-linux-x86_64-debian-clang, r-devel-linux-x86_64-debian-gcc, r-devel-linux-x86_64-fedora-clang, r-devel-linux-x86_64-fedora-gcc, r-devel-macos-arm64, r-devel-macos-x86_64, r-devel-windows-x86_64, r-patched-linux-x86_64, r-release-linux-x86_64, r-release-macos-arm64, r-release-macos-x86_64, r-release-windows-x86_64, r-oldrel-macos-arm64, r-oldrel-macos-x86_64, r-oldrel-windows-x86_64