CRAN Package Check Results for Package effectsizescr

Last updated on 2025-02-16 09:50:38 CET.

Flavor Version Tinstall Tcheck Ttotal Status Flags
r-devel-linux-x86_64-debian-clang 0.1.0 1.60 16.53 18.13 OK
r-devel-linux-x86_64-debian-gcc 0.1.0 1.37 13.42 14.79 OK
r-devel-linux-x86_64-fedora-clang 0.1.0 30.09 OK
r-devel-linux-x86_64-fedora-gcc 0.1.0 27.75 OK
r-devel-macos-arm64 0.1.0 14.00 OK
r-devel-macos-x86_64 0.1.0 22.00 OK
r-devel-windows-x86_64 0.1.0 2.00 40.00 42.00 OK
r-patched-linux-x86_64 0.1.0 1.60 15.60 17.20 NOTE
r-release-linux-x86_64 0.1.0 1.35 16.12 17.47 NOTE
r-release-macos-arm64 0.1.0 16.00 NOTE
r-release-macos-x86_64 0.1.0 19.00 NOTE
r-release-windows-x86_64 0.1.0 2.00 40.00 42.00 NOTE
r-oldrel-macos-arm64 0.1.0 15.00 NOTE
r-oldrel-macos-x86_64 0.1.0 20.00 NOTE
r-oldrel-windows-x86_64 0.1.0 3.00 50.00 53.00 NOTE

Check Details

Version: 0.1.0
Check: LazyData
Result: NOTE 'LazyData' is specified without a 'data' directory Flavors: r-patched-linux-x86_64, r-release-linux-x86_64, r-release-macos-arm64, r-release-macos-x86_64, r-release-windows-x86_64, r-oldrel-macos-arm64, r-oldrel-macos-x86_64, r-oldrel-windows-x86_64