Last updated on 2025-04-15 09:52:20 CEST.
Flavor | Version | Tinstall | Tcheck | Ttotal | Status | Flags |
---|---|---|---|---|---|---|
r-devel-linux-x86_64-debian-clang | 1.2.0 | 73.82 | 70.51 | 144.33 | OK | |
r-devel-linux-x86_64-debian-gcc | 1.2.0 | 70.24 | 54.44 | 124.68 | OK | |
r-devel-linux-x86_64-fedora-clang | 1.2.0 | 222.01 | OK | |||
r-devel-linux-x86_64-fedora-gcc | 1.2.0 | 278.44 | OK | |||
r-devel-windows-x86_64 | 1.2.0 | 73.00 | 100.00 | 173.00 | OK | |
r-patched-linux-x86_64 | 1.2.0 | 88.29 | 70.49 | 158.78 | OK | |
r-release-linux-x86_64 | 1.2.0 | 89.04 | 72.19 | 161.23 | OK | |
r-release-macos-arm64 | 1.2.0 | 91.00 | OK | |||
r-release-macos-x86_64 | 1.2.0 | 138.00 | OK | |||
r-release-windows-x86_64 | 1.2.0 | 80.00 | 100.00 | 180.00 | OK | |
r-oldrel-macos-arm64 | 1.2.0 | 63.00 | NOTE | |||
r-oldrel-macos-x86_64 | 1.2.0 | 104.00 | NOTE | |||
r-oldrel-windows-x86_64 | 1.2.0 | 92.00 | 119.00 | 211.00 | NOTE |
Version: 1.2.0
Check: installed package size
Result: NOTE
installed size is 41.6Mb
sub-directories of 1Mb or more:
libs 41.4Mb
Flavors: r-oldrel-macos-arm64, r-oldrel-macos-x86_64, r-oldrel-windows-x86_64