Last updated on 2025-02-16 09:50:38 CET.
Flavor | Version | Tinstall | Tcheck | Ttotal | Status | Flags |
---|---|---|---|---|---|---|
r-devel-linux-x86_64-debian-clang | 0.7.0 | 42.56 | 107.80 | 150.36 | OK | |
r-devel-linux-x86_64-debian-gcc | 0.7.0 | 34.86 | 81.65 | 116.51 | OK | |
r-devel-linux-x86_64-fedora-clang | 0.7.0 | 261.11 | OK | |||
r-devel-linux-x86_64-fedora-gcc | 0.7.0 | 256.32 | OK | |||
r-devel-macos-arm64 | 0.7.0 | 66.00 | OK | |||
r-devel-macos-x86_64 | 0.7.0 | 121.00 | OK | |||
r-devel-windows-x86_64 | 0.7.0 | 50.00 | 131.00 | 181.00 | OK | |
r-patched-linux-x86_64 | 0.7.0 | 46.61 | 104.23 | 150.84 | OK | |
r-release-linux-x86_64 | 0.7.0 | 44.46 | 104.93 | 149.39 | OK | |
r-release-macos-arm64 | 0.7.0 | 65.00 | NOTE | |||
r-release-macos-x86_64 | 0.7.0 | 92.00 | NOTE | |||
r-release-windows-x86_64 | 0.7.0 | 53.00 | 134.00 | 187.00 | OK | |
r-oldrel-macos-arm64 | 0.7.0 | 78.00 | NOTE | |||
r-oldrel-macos-x86_64 | 0.7.0 | 126.00 | NOTE | |||
r-oldrel-windows-x86_64 | 0.7.0 | 62.00 | 156.00 | 218.00 | OK |
Version: 0.7.0
Check: installed package size
Result: NOTE
installed size is 13.4Mb
sub-directories of 1Mb or more:
libs 13.3Mb
Flavors: r-release-macos-arm64, r-release-macos-x86_64, r-oldrel-macos-arm64, r-oldrel-macos-x86_64