Last updated on 2025-02-16 09:50:38 CET.
Flavor | Version | Tinstall | Tcheck | Ttotal | Status | Flags |
---|---|---|---|---|---|---|
r-devel-linux-x86_64-debian-clang | 1.0.2 | 10.18 | 265.41 | 275.59 | NOTE | |
r-devel-linux-x86_64-debian-gcc | 1.0.2 | 7.69 | 172.67 | 180.36 | NOTE | |
r-devel-linux-x86_64-fedora-clang | 1.0.2 | 456.66 | OK | |||
r-devel-linux-x86_64-fedora-gcc | 1.0.2 | 447.42 | OK | |||
r-devel-macos-arm64 | 1.0.2 | 119.00 | OK | |||
r-devel-macos-x86_64 | 1.0.2 | 260.00 | OK | |||
r-devel-windows-x86_64 | 1.0.2 | 11.00 | 234.00 | 245.00 | NOTE | |
r-patched-linux-x86_64 | 1.0.2 | 13.69 | 257.62 | 271.31 | OK | |
r-release-linux-x86_64 | 1.0.2 | 9.12 | 253.29 | 262.41 | OK | |
r-release-macos-arm64 | 1.0.2 | 111.00 | OK | |||
r-release-macos-x86_64 | 1.0.2 | 186.00 | OK | |||
r-release-windows-x86_64 | 1.0.2 | 12.00 | 236.00 | 248.00 | OK | |
r-oldrel-macos-arm64 | 1.0.2 | 127.00 | OK | |||
r-oldrel-macos-x86_64 | 1.0.2 | 226.00 | OK | |||
r-oldrel-windows-x86_64 | 1.0.2 | 15.00 | 299.00 | 314.00 | OK |
Version: 1.0.2
Check: Rd cross-references
Result: NOTE
Found the following Rd file(s) with Rd \link{} targets missing package
anchors:
cgr.Rd: glasso
plot.cgr.Rd: gplot
stackedsdm.Rd: mvabund
Please provide package anchors for all Rd \link{} targets not in the
package itself and the base packages.
Flavors: r-devel-linux-x86_64-debian-clang, r-devel-linux-x86_64-debian-gcc, r-devel-windows-x86_64