Last updated on 2025-02-19 09:50:47 CET.
Flavor | Version | Tinstall | Tcheck | Ttotal | Status | Flags |
---|---|---|---|---|---|---|
r-devel-linux-x86_64-debian-clang | 0.1.1 | 2.56 | 26.81 | 29.37 | OK | |
r-devel-linux-x86_64-debian-gcc | 0.1.1 | 1.46 | 20.90 | 22.36 | OK | |
r-devel-linux-x86_64-fedora-clang | 0.1.1 | 47.66 | OK | |||
r-devel-linux-x86_64-fedora-gcc | 0.1.1 | 46.47 | OK | |||
r-devel-macos-arm64 | 0.1.1 | 18.00 | OK | |||
r-devel-macos-x86_64 | 0.1.1 | 26.00 | OK | |||
r-devel-windows-x86_64 | 0.1.1 | 3.00 | 45.00 | 48.00 | OK | |
r-patched-linux-x86_64 | 0.1.1 | 2.58 | 25.87 | 28.45 | NOTE | |
r-release-linux-x86_64 | 0.1.1 | 2.39 | 25.69 | 28.08 | NOTE | |
r-release-macos-arm64 | 0.1.1 | 17.00 | NOTE | |||
r-release-macos-x86_64 | 0.1.1 | 30.00 | NOTE | |||
r-release-windows-x86_64 | 0.1.1 | 5.00 | 46.00 | 51.00 | NOTE | |
r-oldrel-macos-arm64 | 0.1.1 | 18.00 | NOTE | |||
r-oldrel-macos-x86_64 | 0.1.1 | 23.00 | NOTE | |||
r-oldrel-windows-x86_64 | 0.1.1 | 5.00 | 53.00 | 58.00 | NOTE |
Version: 0.1.1
Check: LazyData
Result: NOTE
'LazyData' is specified without a 'data' directory
Flavors: r-patched-linux-x86_64, r-release-linux-x86_64, r-release-macos-arm64, r-release-macos-x86_64, r-release-windows-x86_64, r-oldrel-macos-arm64, r-oldrel-macos-x86_64, r-oldrel-windows-x86_64