Last updated on 2025-02-16 09:50:37 CET.
Flavor | Version | Tinstall | Tcheck | Ttotal | Status | Flags |
---|---|---|---|---|---|---|
r-devel-linux-x86_64-debian-clang | 1.1.2 | 3.24 | 52.30 | 55.54 | OK | |
r-devel-linux-x86_64-debian-gcc | 1.1.2 | 2.63 | 39.40 | 42.03 | OK | |
r-devel-linux-x86_64-fedora-clang | 1.1.2 | 91.95 | OK | |||
r-devel-linux-x86_64-fedora-gcc | 1.1.2 | 113.15 | OK | |||
r-devel-macos-arm64 | 1.1.2 | 42.00 | OK | |||
r-devel-macos-x86_64 | 1.1.2 | 83.00 | OK | |||
r-devel-windows-x86_64 | 1.1.2 | 4.00 | 79.00 | 83.00 | OK | |
r-patched-linux-x86_64 | 1.1.2 | 4.27 | 49.38 | 53.65 | NOTE | |
r-release-linux-x86_64 | 1.1.2 | 3.10 | 49.65 | 52.75 | NOTE | |
r-release-macos-arm64 | 1.1.2 | 43.00 | NOTE | |||
r-release-macos-x86_64 | 1.1.2 | 66.00 | NOTE | |||
r-release-windows-x86_64 | 1.1.2 | 5.00 | 79.00 | 84.00 | NOTE | |
r-oldrel-macos-arm64 | 1.1.2 | 46.00 | NOTE | |||
r-oldrel-macos-x86_64 | 1.1.2 | 107.00 | NOTE | |||
r-oldrel-windows-x86_64 | 1.1.2 | 4.00 | 101.00 | 105.00 | NOTE |
Version: 1.1.2
Check: package dependencies
Result: NOTE
Package which this enhances but not available for checking: ‘gurobi’
Flavors: r-patched-linux-x86_64, r-release-linux-x86_64, r-release-macos-arm64, r-release-macos-x86_64, r-release-windows-x86_64, r-oldrel-macos-arm64, r-oldrel-macos-x86_64, r-oldrel-windows-x86_64