Last updated on 2025-02-19 09:50:47 CET.
Flavor | Version | Tinstall | Tcheck | Ttotal | Status | Flags |
---|---|---|---|---|---|---|
r-devel-linux-x86_64-debian-clang | 0.5-11 | 5.42 | 51.54 | 56.96 | OK | |
r-devel-linux-x86_64-debian-gcc | 0.5-11 | 3.67 | 35.76 | 39.43 | OK | |
r-devel-linux-x86_64-fedora-clang | 0.5-11 | 92.86 | NOTE | |||
r-devel-linux-x86_64-fedora-gcc | 0.5-11 | 99.84 | NOTE | |||
r-devel-macos-arm64 | 0.5-11 | 48.00 | OK | |||
r-devel-macos-x86_64 | 0.5-11 | 63.00 | OK | |||
r-devel-windows-x86_64 | 0.5-11 | 6.00 | 88.00 | 94.00 | OK | |
r-patched-linux-x86_64 | 0.5-11 | 6.12 | 47.44 | 53.56 | NOTE | |
r-release-linux-x86_64 | 0.5-11 | 5.15 | 48.53 | 53.68 | NOTE | |
r-release-macos-arm64 | 0.5-11 | 38.00 | OK | |||
r-release-macos-x86_64 | 0.5-11 | 67.00 | OK | |||
r-release-windows-x86_64 | 0.5-11 | 7.00 | 86.00 | 93.00 | OK | |
r-oldrel-macos-arm64 | 0.5-11 | 37.00 | OK | |||
r-oldrel-macos-x86_64 | 0.5-11 | 47.00 | NOTE | |||
r-oldrel-windows-x86_64 | 0.5-11 | 9.00 | 101.00 | 110.00 | OK |
Version: 0.5-11
Check: dependencies in R code
Result: NOTE
Namespace in Imports field not imported from: ‘rprojroot’
All declared Imports should be used.
Flavors: r-devel-linux-x86_64-fedora-clang, r-devel-linux-x86_64-fedora-gcc
Version: 0.5-11
Check: package dependencies
Result: NOTE
Package suggested but not available for checking: ‘readxlsb’
Flavors: r-patched-linux-x86_64, r-release-linux-x86_64
Version: 0.5-11
Check: package dependencies
Result: NOTE
Package suggested but not available for checking: ‘qs’
Flavor: r-oldrel-macos-x86_64