Last updated on 2025-02-19 09:50:47 CET.
Flavor | Version | Tinstall | Tcheck | Ttotal | Status | Flags |
---|---|---|---|---|---|---|
r-devel-linux-x86_64-debian-clang | 0.5.14 | 13.17 | 86.87 | 100.04 | NOTE | |
r-devel-linux-x86_64-debian-gcc | 0.5.14 | 10.53 | 58.68 | 69.21 | NOTE | |
r-devel-linux-x86_64-fedora-clang | 0.5.14 | 162.90 | NOTE | |||
r-devel-linux-x86_64-fedora-gcc | 0.5.14 | 152.01 | NOTE | |||
r-devel-macos-arm64 | 0.5.14 | 48.00 | OK | |||
r-devel-macos-x86_64 | 0.5.14 | 102.00 | NOTE | |||
r-devel-windows-x86_64 | 0.5.14 | 17.00 | 100.00 | 117.00 | NOTE | |
r-patched-linux-x86_64 | 0.5.14 | 13.70 | 81.23 | 94.93 | OK | |
r-release-linux-x86_64 | 0.5.14 | 13.99 | 80.81 | 94.80 | OK | |
r-release-macos-arm64 | 0.5.14 | 43.00 | OK | |||
r-release-macos-x86_64 | 0.5.14 | 113.00 | OK | |||
r-release-windows-x86_64 | 0.5.14 | 17.00 | 91.00 | 108.00 | OK | |
r-oldrel-macos-arm64 | 0.5.14 | 48.00 | OK | |||
r-oldrel-macos-x86_64 | 0.5.14 | 82.00 | OK | |||
r-oldrel-windows-x86_64 | 0.5.14 | 21.00 | 116.00 | 137.00 | OK |
Version: 0.5.14
Check: DESCRIPTION meta-information
Result: NOTE
Missing dependency on R >= 4.1.0 because package code uses the pipe
|> or function shorthand \(...) syntax added in R 4.1.0.
File(s) using such syntax:
‘page_validation.R’
Flavors: r-devel-linux-x86_64-debian-clang, r-devel-linux-x86_64-debian-gcc, r-devel-linux-x86_64-fedora-clang, r-devel-linux-x86_64-fedora-gcc, r-devel-macos-x86_64, r-devel-windows-x86_64