Last updated on 2025-02-16 09:50:37 CET.
Flavor | Version | Tinstall | Tcheck | Ttotal | Status | Flags |
---|---|---|---|---|---|---|
r-devel-linux-x86_64-debian-clang | 1.0.5 | 19.99 | 208.57 | 228.56 | NOTE | |
r-devel-linux-x86_64-debian-gcc | 1.0.5 | 13.65 | 135.59 | 149.24 | NOTE | |
r-devel-linux-x86_64-fedora-clang | 1.0.5 | 389.28 | NOTE | |||
r-devel-linux-x86_64-fedora-gcc | 1.0.5 | 372.33 | NOTE | |||
r-devel-macos-arm64 | 1.0.5 | 106.00 | NOTE | |||
r-devel-macos-x86_64 | 1.0.5 | 193.00 | NOTE | |||
r-devel-windows-x86_64 | 1.0.5 | 21.00 | 201.00 | 222.00 | NOTE | |
r-patched-linux-x86_64 | 1.0.5 | 18.53 | 185.00 | 203.53 | NOTE | |
r-release-linux-x86_64 | 1.0.5 | 18.10 | 190.35 | 208.45 | NOTE | |
r-release-macos-arm64 | 1.0.5 | 97.00 | NOTE | |||
r-release-macos-x86_64 | 1.0.5 | 152.00 | NOTE | |||
r-release-windows-x86_64 | 1.0.5 | 21.00 | 194.00 | 215.00 | NOTE | |
r-oldrel-macos-arm64 | 1.0.5 | 110.00 | OK | |||
r-oldrel-macos-x86_64 | 1.0.5 | 181.00 | OK | |||
r-oldrel-windows-x86_64 | 1.0.5 | 29.00 | 270.00 | 299.00 | OK |
Version: 1.0.5
Check: Rd files
Result: NOTE
checkRd: (-1) generate_kinetics.Rd:57: Lost braces; missing escapes or markup?
57 | By default, sampled from {-1, 1} with probabilities {.25, .75}.
| ^
checkRd: (-1) generate_kinetics.Rd:57: Lost braces; missing escapes or markup?
57 | By default, sampled from {-1, 1} with probabilities {.25, .75}.
| ^
Flavors: r-devel-linux-x86_64-debian-clang, r-devel-linux-x86_64-debian-gcc, r-devel-linux-x86_64-fedora-clang, r-devel-linux-x86_64-fedora-gcc, r-devel-macos-arm64, r-devel-macos-x86_64, r-devel-windows-x86_64, r-patched-linux-x86_64, r-release-linux-x86_64, r-release-macos-arm64, r-release-macos-x86_64, r-release-windows-x86_64